Last updated on 2025-11-23 12:50:03 CET.
| Flavor | Version | Tinstall | Tcheck | Ttotal | Status | Flags |
|---|---|---|---|---|---|---|
| r-devel-linux-x86_64-debian-clang | 1.4.6 | 10.00 | 86.24 | 96.24 | NOTE | |
| r-devel-linux-x86_64-debian-gcc | 1.4.6 | 6.83 | 53.65 | 60.48 | NOTE | |
| r-devel-linux-x86_64-fedora-clang | 1.4.6 | 20.00 | 131.92 | 151.92 | OK | |
| r-devel-windows-x86_64 | 1.4.6 | 12.00 | 102.00 | 114.00 | OK | |
| r-patched-linux-x86_64 | 1.4.6 | 9.99 | 80.71 | 90.70 | OK | |
| r-release-linux-x86_64 | 1.4.6 | 8.83 | 79.76 | 88.59 | OK | |
| r-release-macos-arm64 | 1.4.6 | OK | ||||
| r-release-macos-x86_64 | 1.4.6 | 6.00 | 59.00 | 65.00 | OK | |
| r-release-windows-x86_64 | 1.4.6 | 9.00 | 119.00 | 128.00 | OK | |
| r-oldrel-macos-arm64 | 1.4.6 | OK | ||||
| r-oldrel-macos-x86_64 | 1.4.6 | 6.00 | 46.00 | 52.00 | OK | |
| r-oldrel-windows-x86_64 | 1.4.6 | 14.00 | 123.00 | 137.00 | OK |
Version: 1.4.6
Check: CRAN incoming feasibility
Result: NOTE
Maintainer: ‘Agnieszka Listwon-Krol <krol@lunenfeld.ca>’
No Authors@R field in DESCRIPTION.
Please add one, modifying
Authors@R: c(person(given = "Agnieszka",
family = "Listwon-Krol",
role = c("aut", "cre"),
email = "krol@lunenfeld.ca"),
person(given = "Philippe",
family = "Saint-Pierre",
role = "aut"))
as necessary.
Package CITATION file contains call(s) to old-style personList() or
as.personList(). Please use c() on person objects instead.
Package CITATION file contains call(s) to old-style citEntry(). Please
use bibentry() instead.
Flavors: r-devel-linux-x86_64-debian-clang, r-devel-linux-x86_64-debian-gcc