Last updated on 2024-06-10 09:49:15 CEST.
Flavor | Version | Tinstall | Tcheck | Ttotal | Status | Flags |
---|---|---|---|---|---|---|
r-devel-linux-x86_64-debian-clang | 0.0.4 | 49.04 | 277.44 | 326.48 | NOTE | |
r-devel-linux-x86_64-debian-gcc | 0.0.4 | 44.86 | 197.95 | 242.81 | NOTE | |
r-devel-linux-x86_64-fedora-clang | 0.0.4 | 430.67 | NOTE | |||
r-devel-linux-x86_64-fedora-gcc | 0.0.4 | 389.67 | NOTE | |||
r-devel-windows-x86_64 | 0.0.4 | 42.00 | 194.00 | 236.00 | NOTE | |
r-patched-linux-x86_64 | 0.0.4 | 37.77 | 258.76 | 296.53 | NOTE | |
r-release-linux-x86_64 | 0.0.4 | 36.77 | 264.36 | 301.13 | NOTE | |
r-release-macos-arm64 | 0.0.4 | 138.00 | NOTE | |||
r-release-macos-x86_64 | 0.0.4 | 185.00 | NOTE | |||
r-release-windows-x86_64 | 0.0.4 | 44.00 | 197.00 | 241.00 | NOTE | |
r-oldrel-macos-arm64 | 0.0.4 | 120.00 | NOTE | |||
r-oldrel-macos-x86_64 | 0.0.4 | 196.00 | NOTE | |||
r-oldrel-windows-x86_64 | 0.0.4 | 56.00 | 246.00 | 302.00 | NOTE |
Version: 0.0.4
Check: Rd files
Result: NOTE
checkRd: (-1) outliers.hdts.Rd:44: Lost braces; missing escapes or markup?
44 | \item I.cov.rob - The matrix (V'GnV)^{-1} used to compute the statistics to detect the idiosyncratic outliers.
| ^
Flavors: r-devel-linux-x86_64-debian-clang, r-devel-linux-x86_64-debian-gcc, r-devel-linux-x86_64-fedora-clang, r-devel-linux-x86_64-fedora-gcc, r-devel-windows-x86_64, r-patched-linux-x86_64, r-release-linux-x86_64, r-release-macos-arm64, r-release-macos-x86_64, r-release-windows-x86_64
Version: 0.0.4
Check: installed package size
Result: NOTE
installed size is 5.5Mb
sub-directories of 1Mb or more:
data 5.1Mb
Flavors: r-devel-linux-x86_64-fedora-clang, r-devel-windows-x86_64, r-release-macos-arm64, r-release-macos-x86_64, r-release-windows-x86_64, r-oldrel-macos-arm64, r-oldrel-macos-x86_64, r-oldrel-windows-x86_64
Version: 0.0.4
Check: data for non-ASCII characters
Result: NOTE
Note: found 23 marked UTF-8 strings
Flavors: r-devel-linux-x86_64-fedora-clang, r-devel-linux-x86_64-fedora-gcc