Last updated on 2025-11-27 11:50:16 CET.
| Flavor | Version | Tinstall | Tcheck | Ttotal | Status | Flags |
|---|---|---|---|---|---|---|
| r-devel-linux-x86_64-debian-clang | 0.1.4 | 29.04 | 27.09 | 56.13 | WARN | |
| r-devel-linux-x86_64-debian-gcc | 0.1.4 | 19.16 | 22.25 | 41.41 | WARN | |
| r-devel-linux-x86_64-fedora-clang | 0.1.4 | 80.00 | 27.16 | 107.16 | NOTE | |
| r-devel-linux-x86_64-fedora-gcc | 0.1.4 | 88.00 | 17.19 | 105.19 | NOTE | |
| r-devel-windows-x86_64 | 0.1.4 | 40.00 | 63.00 | 103.00 | NOTE | |
| r-patched-linux-x86_64 | 0.1.4 | 32.81 | 24.52 | 57.33 | NOTE | |
| r-release-linux-x86_64 | 0.1.4 | 29.12 | 24.66 | 53.78 | NOTE | |
| r-release-macos-arm64 | 0.1.4 | NOTE | ||||
| r-release-macos-x86_64 | 0.1.4 | 17.00 | 29.00 | 46.00 | NOTE | |
| r-release-windows-x86_64 | 0.1.4 | 36.00 | 80.00 | 116.00 | NOTE | |
| r-oldrel-macos-arm64 | 0.1.4 | NOTE | ||||
| r-oldrel-macos-x86_64 | 0.1.4 | 20.00 | 29.00 | 49.00 | NOTE | |
| r-oldrel-windows-x86_64 | 0.1.4 | 44.00 | 80.00 | 124.00 | NOTE |
Version: 0.1.4
Check: CRAN incoming feasibility
Result: NOTE
Maintainer: ‘Utz-Uwe Haus <uhaus@cray.com>’
Package CITATION file contains call(s) to old-style personList() or
as.personList(). Please use c() on person objects instead.
Found the following (possibly) invalid file URIs:
URI: github
From: README.md
URI: Win-Builder
From: README.md
Flavors: r-devel-linux-x86_64-debian-clang, r-devel-linux-x86_64-debian-gcc
Version: 0.1.4
Check: whether package can be installed
Result: WARN
Found the following significant warnings:
/home/hornik/tmp/R.check/r-devel-clang/Work/build/Packages/RcppArmadillo/include/RcppArmadillo/version/arma.h:66:17: warning: Using fallback compilation with Armadillo 14.6.3. Please consider defining -DARMA_USE_CURRENT and also removing C++11 compilation directive. See GitHub issue #475 for more. [-W#pragma-messages]
See ‘/home/hornik/tmp/R.check/r-devel-clang/Work/PKGS/SFS.Rcheck/00install.out’ for details.
* used C++ compiler: ‘Debian clang version 21.1.5 (1)’
Flavor: r-devel-linux-x86_64-debian-clang
Version: 0.1.4
Check: C++ specification
Result: NOTE
Specified C++11: please drop specification unless essential
Flavors: r-devel-linux-x86_64-debian-clang, r-devel-linux-x86_64-debian-gcc, r-devel-windows-x86_64, r-patched-linux-x86_64, r-release-linux-x86_64, r-release-macos-arm64, r-release-macos-x86_64, r-release-windows-x86_64, r-oldrel-macos-arm64, r-oldrel-macos-x86_64, r-oldrel-windows-x86_64
Version: 0.1.4
Check: whether package can be installed
Result: WARN
Found the following significant warnings:
/home/hornik/tmp/R.check/r-devel-gcc/Work/build/Packages/RcppArmadillo/include/RcppArmadillo/version/arma.h:66:199: note: ‘#pragma message: Using fallback compilation with Armadillo 14.6.3. Please consider defining -DARMA_USE_CURRENT and also removing C++11 compilation directive. See GitHub issue #475 for more.’
See ‘/home/hornik/tmp/R.check/r-devel-gcc/Work/PKGS/SFS.Rcheck/00install.out’ for details.
* used C++ compiler: ‘g++-15 (Debian 15.2.0-7) 15.2.0’
Flavor: r-devel-linux-x86_64-debian-gcc
Version: 0.1.4
Check: C++ specification
Result: NOTE
Specified C++11: support will be removed soon
Flavors: r-devel-linux-x86_64-fedora-clang, r-devel-linux-x86_64-fedora-gcc