Last updated on 2025-11-23 12:50:00 CET.
| Flavor | Version | Tinstall | Tcheck | Ttotal | Status | Flags |
|---|---|---|---|---|---|---|
| r-devel-linux-x86_64-debian-clang | 0.1.1 | 3.04 | 64.72 | 67.76 | NOTE | |
| r-devel-linux-x86_64-debian-gcc | 0.1.1 | 2.40 | 45.88 | 48.28 | NOTE | |
| r-devel-linux-x86_64-fedora-clang | 0.1.1 | 105.30 | OK | |||
| r-devel-windows-x86_64 | 0.1.1 | 7.00 | 89.00 | 96.00 | OK | |
| r-patched-linux-x86_64 | 0.1.1 | 3.15 | 63.15 | 66.30 | OK | |
| r-release-linux-x86_64 | 0.1.1 | 3.07 | 62.39 | 65.46 | OK | |
| r-release-macos-arm64 | 0.1.1 | OK | ||||
| r-release-macos-x86_64 | 0.1.1 | 4.00 | 81.00 | 85.00 | OK | |
| r-release-windows-x86_64 | 0.1.1 | 4.00 | 112.00 | 116.00 | OK | |
| r-oldrel-macos-arm64 | 0.1.1 | OK | ||||
| r-oldrel-macos-x86_64 | 0.1.1 | 2.00 | 54.00 | 56.00 | OK | |
| r-oldrel-windows-x86_64 | 0.1.1 | 4.00 | 105.00 | 109.00 | OK |
Version: 0.1.1
Check: CRAN incoming feasibility
Result: NOTE
Maintainer: ‘Markus Loecher <markus.loecher@gmail.com>’
No Authors@R field in DESCRIPTION.
Please add one, modifying
Authors@R: c(person(given = "Markus",
family = "Loecher",
role = c("aut", "cre"),
email = "markus.loecher@gmail.com"),
person(given = "Madhav",
family = "Kumar",
role = "aut",
email = "madhavkumar2005@gmail.com"))
as necessary.
Flavors: r-devel-linux-x86_64-debian-clang, r-devel-linux-x86_64-debian-gcc