Last updated on 2025-11-14 09:50:14 CET.
| Flavor | Version | Tinstall | Tcheck | Ttotal | Status | Flags |
|---|---|---|---|---|---|---|
| r-devel-linux-x86_64-debian-clang | 0.7-11 | 4.00 | 19.58 | 23.58 | OK | |
| r-devel-linux-x86_64-debian-gcc | 0.7-11 | 3.00 | 16.14 | 19.14 | OK | |
| r-devel-linux-x86_64-fedora-clang | 0.7-11 | 20.16 | OK | |||
| r-devel-linux-x86_64-fedora-gcc | 0.7-11 | 16.00 | 19.05 | 35.05 | OK | |
| r-devel-windows-x86_64 | 0.7-11 | 17.00 | 86.00 | 103.00 | OK | |
| r-patched-linux-x86_64 | 0.7-11 | 3.93 | 18.39 | 22.32 | OK | |
| r-release-linux-x86_64 | 0.7-11 | 3.82 | 18.62 | 22.44 | OK | |
| r-release-macos-arm64 | 0.7-11 | 3.00 | 16.00 | 19.00 | OK | |
| r-release-macos-x86_64 | 0.7-11 | 6.00 | 31.00 | 37.00 | OK | |
| r-release-windows-x86_64 | 0.7-11 | 19.00 | 92.00 | 111.00 | OK | |
| r-oldrel-macos-arm64 | 0.7-11 | 3.00 | 20.00 | 23.00 | NOTE | |
| r-oldrel-macos-x86_64 | 0.7-11 | 5.00 | 33.00 | 38.00 | NOTE | |
| r-oldrel-windows-x86_64 | 0.7-11 | 23.00 | 109.00 | 132.00 | NOTE |
Version: 0.7-11
Check: installed package size
Result: NOTE
installed size is 6.1Mb
sub-directories of 1Mb or more:
libs 5.9Mb
Flavors: r-oldrel-macos-arm64, r-oldrel-macos-x86_64, r-oldrel-windows-x86_64