CRAN Package Check Results for Package RMThreshold

Last updated on 2025-11-20 11:51:23 CET.

Flavor Version Tinstall Tcheck Ttotal Status Flags
r-devel-linux-x86_64-debian-clang 1.1 2.84 31.16 34.00 NOTE
r-devel-linux-x86_64-debian-gcc 1.1 1.87 24.20 26.07 NOTE
r-devel-linux-x86_64-fedora-clang 1.1 51.06 OK
r-devel-linux-x86_64-fedora-gcc 1.1 48.60 OK
r-devel-windows-x86_64 1.1 7.00 47.00 54.00 OK
r-patched-linux-x86_64 1.1 3.11 29.23 32.34 OK
r-release-linux-x86_64 1.1 2.92 29.19 32.11 OK
r-release-macos-arm64 1.1 OK
r-release-macos-x86_64 1.1 4.00 37.00 41.00 OK
r-release-windows-x86_64 1.1 4.00 66.00 70.00 OK
r-oldrel-macos-arm64 1.1 OK
r-oldrel-macos-x86_64 1.1 2.00 33.00 35.00 OK
r-oldrel-windows-x86_64 1.1 5.00 56.00 61.00 OK

Check Details

Version: 1.1
Check: CRAN incoming feasibility
Result: NOTE Maintainer: ‘Uwe Menzel <uwemenzel@gmail.com>’ No Authors@R field in DESCRIPTION. Please add one, modifying Authors@R: person(given = "Uwe", family = "Menzel", role = c("aut", "cre"), email = "uwemenzel@gmail.com") as necessary. Flavors: r-devel-linux-x86_64-debian-clang, r-devel-linux-x86_64-debian-gcc