CRAN Package Check Results for Package RGeode

Last updated on 2025-11-12 10:52:54 CET.

Flavor Version Tinstall Tcheck Ttotal Status Flags
r-devel-linux-x86_64-debian-clang 0.1.0 21.57 38.97 60.54 NOTE
r-devel-linux-x86_64-debian-gcc 0.1.0 14.51 30.61 45.12 NOTE
r-devel-linux-x86_64-fedora-clang 0.1.0 39.00 66.88 105.88 OK
r-devel-linux-x86_64-fedora-gcc 0.1.0 51.00 45.73 96.73 OK
r-devel-windows-x86_64 0.1.0 23.00 71.00 94.00 OK
r-patched-linux-x86_64 0.1.0 21.43 39.10 60.53 OK
r-release-linux-x86_64 0.1.0 21.40 38.90 60.30 OK
r-release-macos-arm64 0.1.0 8.00 21.00 29.00 OK
r-release-macos-x86_64 0.1.0 10.00 40.00 50.00 OK
r-release-windows-x86_64 0.1.0 25.00 91.00 116.00 OK
r-oldrel-macos-arm64 0.1.0 9.00 21.00 30.00 OK
r-oldrel-macos-x86_64 0.1.0 10.00 32.00 42.00 OK
r-oldrel-windows-x86_64 0.1.0 25.00 87.00 112.00 OK

Check Details

Version: 0.1.0
Check: CRAN incoming feasibility
Result: NOTE Maintainer: ‘Lorenzo Rimella <lorenzo.rimella@hotmail.it>’ No Authors@R field in DESCRIPTION. Please add one, modifying Authors@R: person(given = "Lorenzo", family = "Rimella", role = c("aut", "cre"), email = "lorenzo.rimella@hotmail.it") as necessary. Flavors: r-devel-linux-x86_64-debian-clang, r-devel-linux-x86_64-debian-gcc