CRAN Package Check Results for Package PakPMICS2014HH

Last updated on 2025-11-23 12:49:57 CET.

Flavor Version Tinstall Tcheck Ttotal Status Flags
r-devel-linux-x86_64-debian-clang 0.1.0 3.00 24.75 27.75 NOTE
r-devel-linux-x86_64-debian-gcc 0.1.0 2.65 20.35 23.00 NOTE
r-devel-linux-x86_64-fedora-clang 0.1.0 41.59 NOTE
r-devel-windows-x86_64 0.1.0 5.00 43.00 48.00 NOTE
r-patched-linux-x86_64 0.1.0 3.24 22.77 26.01 NOTE
r-release-linux-x86_64 0.1.0 2.88 22.91 25.79 NOTE
r-release-macos-arm64 0.1.0 NOTE
r-release-macos-x86_64 0.1.0 3.00 23.00 26.00 NOTE
r-release-windows-x86_64 0.1.0 5.00 49.00 54.00 NOTE
r-oldrel-macos-arm64 0.1.0 NOTE
r-oldrel-macos-x86_64 0.1.0 3.00 20.00 23.00 NOTE
r-oldrel-windows-x86_64 0.1.0 5.00 49.00 54.00 NOTE

Check Details

Version: 0.1.0
Check: Rd files
Result: NOTE checkRd: (-1) MICS2014HH.Rd:214: Lost braces in \enumerate; meant \describe ? checkRd: (-1) MICS2014HH.Rd:215: Lost braces in \enumerate; meant \describe ? Flavors: r-devel-linux-x86_64-debian-clang, r-devel-linux-x86_64-debian-gcc, r-devel-linux-x86_64-fedora-clang, r-devel-windows-x86_64, r-patched-linux-x86_64, r-release-linux-x86_64, r-release-macos-arm64, r-release-macos-x86_64, r-release-windows-x86_64, r-oldrel-macos-arm64, r-oldrel-macos-x86_64, r-oldrel-windows-x86_64

Version: 0.1.0
Check: dependencies in R code
Result: NOTE Namespace in Imports field not imported from: ‘stats’ All declared Imports should be used. Flavor: r-devel-linux-x86_64-fedora-clang