Last updated on 2025-10-22 09:50:43 CEST.
Flavor | Version | Tinstall | Tcheck | Ttotal | Status | Flags |
---|---|---|---|---|---|---|
r-devel-linux-x86_64-debian-clang | 1.1.1 | 7.36 | 97.54 | 104.90 | NOTE | |
r-devel-linux-x86_64-debian-gcc | 1.1.1 | 5.39 | 67.23 | 72.62 | NOTE | |
r-devel-linux-x86_64-fedora-clang | 1.1.1 | 18.00 | 139.56 | 157.56 | OK | |
r-devel-linux-x86_64-fedora-gcc | 1.1.1 | 17.00 | 136.38 | 153.38 | OK | |
r-devel-windows-x86_64 | 1.1.1 | 10.00 | 111.00 | 121.00 | OK | |
r-patched-linux-x86_64 | 1.1.1 | 8.70 | 89.40 | 98.10 | OK | |
r-release-linux-x86_64 | 1.1.1 | 6.98 | 88.99 | 95.97 | OK | |
r-release-macos-arm64 | 1.1.1 | 4.00 | 41.00 | 45.00 | OK | |
r-release-macos-x86_64 | 1.1.1 | 6.00 | 62.00 | 68.00 | OK | |
r-release-windows-x86_64 | 1.1.1 | 9.00 | 111.00 | 120.00 | OK | |
r-oldrel-macos-arm64 | 1.1.1 | 3.00 | 33.00 | 36.00 | OK | |
r-oldrel-macos-x86_64 | 1.1.1 | 5.00 | 55.00 | 60.00 | OK | |
r-oldrel-windows-x86_64 | 1.1.1 | 14.00 | 142.00 | 156.00 | OK |
Version: 1.1.1
Check: CRAN incoming feasibility
Result: NOTE
Maintainer: ‘Stephane Champely <champely@univ-lyon1.fr>’
No Authors@R field in DESCRIPTION.
Please add one, modifying
Authors@R: person(given = "Stephane",
family = "Champely",
role = c("aut", "cre"),
email = "champely@univ-lyon1.fr")
as necessary.
Flavors: r-devel-linux-x86_64-debian-clang, r-devel-linux-x86_64-debian-gcc