Last updated on 2024-06-16 09:56:12 CEST.
Flavor | Version | Tinstall | Tcheck | Ttotal | Status | Flags |
---|---|---|---|---|---|---|
r-devel-linux-x86_64-debian-clang | 0.4.1 | 54.29 | 308.19 | 362.48 | NOTE | |
r-devel-linux-x86_64-debian-gcc | 0.4.1 | 37.68 | 250.47 | 288.15 | NOTE | |
r-devel-linux-x86_64-fedora-clang | 0.4.1 | 475.68 | NOTE | |||
r-devel-linux-x86_64-fedora-gcc | 0.4.1 | 496.71 | NOTE | |||
r-devel-windows-x86_64 | 0.4.1 | 43.00 | 316.00 | 359.00 | NOTE | |
r-patched-linux-x86_64 | 0.4.1 | 46.73 | 333.20 | 379.93 | NOTE | |
r-release-linux-x86_64 | 0.4.1 | 43.08 | 326.00 | 369.08 | NOTE | |
r-release-macos-arm64 | 0.4.1 | 138.00 | NOTE | |||
r-release-macos-x86_64 | 0.4.1 | 211.00 | NOTE | |||
r-release-windows-x86_64 | 0.4.1 | 43.00 | 323.00 | 366.00 | NOTE | |
r-oldrel-macos-arm64 | 0.4.1 | 150.00 | OK | |||
r-oldrel-macos-x86_64 | 0.4.1 | 266.00 | OK | |||
r-oldrel-windows-x86_64 | 0.4.1 | 54.00 | 383.00 | 437.00 | OK |
Version: 0.4.1
Check: Rd files
Result: NOTE
checkRd: (-1) computeResponseProbability.Rd:12: Lost braces; missing escapes or markup?
12 | \item{model}{the item model to use. Accepts \code{grm} or {gpcm}.}
| ^
Flavors: r-devel-linux-x86_64-debian-clang, r-devel-linux-x86_64-debian-gcc, r-devel-linux-x86_64-fedora-clang, r-devel-linux-x86_64-fedora-gcc, r-devel-windows-x86_64, r-patched-linux-x86_64, r-release-linux-x86_64, r-release-macos-arm64, r-release-macos-x86_64, r-release-windows-x86_64