Last updated on 2024-06-10 09:49:11 CEST.
Flavor | Version | Tinstall | Tcheck | Ttotal | Status | Flags |
---|---|---|---|---|---|---|
r-devel-linux-x86_64-debian-clang | 2.1.1 | 219.99 | 152.78 | 372.77 | OK | |
r-devel-linux-x86_64-debian-gcc | 2.1.1 | 129.01 | 110.04 | 239.05 | OK | |
r-devel-linux-x86_64-fedora-clang | 2.1.1 | 528.65 | NOTE | |||
r-devel-linux-x86_64-fedora-gcc | 2.1.1 | 486.81 | NOTE | |||
r-devel-windows-x86_64 | 2.1.1 | 156.00 | 164.00 | 320.00 | OK | |
r-patched-linux-x86_64 | 2.1.1 | 164.65 | 144.77 | 309.42 | OK | |
r-release-linux-x86_64 | 2.1.1 | 161.66 | 143.30 | 304.96 | OK | |
r-release-macos-arm64 | 2.1.1 | 95.00 | OK | |||
r-release-macos-x86_64 | 2.1.1 | 108.00 | OK | |||
r-release-windows-x86_64 | 2.1.1 | 154.00 | 168.00 | 322.00 | OK | |
r-oldrel-macos-arm64 | 2.1.1 | 116.00 | OK | |||
r-oldrel-macos-x86_64 | 2.1.1 | 199.00 | OK | |||
r-oldrel-windows-x86_64 | 2.1.1 | 195.00 | 201.00 | 396.00 | OK |
Version: 2.1.1
Check: dependencies in R code
Result: NOTE
Namespaces in Imports field not imported from:
‘PlackettLuce’ ‘StatRank’ ‘pmr’ ‘prefmod’ ‘rankdist’
All declared Imports should be used.
Flavors: r-devel-linux-x86_64-fedora-clang, r-devel-linux-x86_64-fedora-gcc