Last updated on 2025-11-15 11:50:51 CET.
| Flavor | Version | Tinstall | Tcheck | Ttotal | Status | Flags |
|---|---|---|---|---|---|---|
| r-devel-linux-x86_64-debian-clang | 1.2 | 3.14 | 33.95 | 37.09 | NOTE | |
| r-devel-linux-x86_64-debian-gcc | 1.2 | 2.05 | 26.84 | 28.89 | NOTE | |
| r-devel-linux-x86_64-fedora-clang | 1.2 | 56.94 | OK | |||
| r-devel-linux-x86_64-fedora-gcc | 1.2 | 51.59 | OK | |||
| r-devel-windows-x86_64 | 1.2 | 9.00 | 48.00 | 57.00 | OK | |
| r-patched-linux-x86_64 | 1.2 | 3.50 | 31.29 | 34.79 | OK | |
| r-release-linux-x86_64 | 1.2 | 2.78 | 31.25 | 34.03 | OK | |
| r-release-macos-arm64 | 1.2 | 1.00 | 19.00 | 20.00 | OK | |
| r-release-macos-x86_64 | 1.2 | 2.00 | 30.00 | 32.00 | OK | |
| r-release-windows-x86_64 | 1.2 | 6.00 | 48.00 | 54.00 | OK | |
| r-oldrel-macos-arm64 | 1.2 | 1.00 | 18.00 | 19.00 | OK | |
| r-oldrel-macos-x86_64 | 1.2 | 2.00 | 25.00 | 27.00 | OK | |
| r-oldrel-windows-x86_64 | 1.2 | 6.00 | 59.00 | 65.00 | OK |
Version: 1.2
Check: CRAN incoming feasibility
Result: NOTE
Maintainer: ‘Enrique del Castillo <exd13@psu.edu>’
No Authors@R field in DESCRIPTION.
Please add one, modifying
Authors@R: c(person(given = c("Enrique", "del"),
family = "Castillo",
role = c("aut", "cre"),
email = "exd13@psu.edu"),
person(given = "Peng",
family = "Chen",
role = "aut"),
person(given = "Adam",
family = "Meyers",
role = "aut"),
person(given = "John",
family = "Hunt",
role = "aut"),
person(given = "James",
family = "Rapkin",
role = "aut"))
as necessary.
Flavors: r-devel-linux-x86_64-debian-clang, r-devel-linux-x86_64-debian-gcc