Last updated on 2025-11-14 09:50:09 CET.
| Flavor | Version | Tinstall | Tcheck | Ttotal | Status | Flags |
|---|---|---|---|---|---|---|
| r-devel-linux-x86_64-debian-clang | 0.3.0 | 1.59 | 79.03 | 80.62 | OK | |
| r-devel-linux-x86_64-debian-gcc | 0.3.0 | 1.30 | 57.16 | 58.46 | OK | |
| r-devel-linux-x86_64-fedora-clang | 0.3.0 | 130.55 | NOTE | |||
| r-devel-linux-x86_64-fedora-gcc | 0.3.0 | 134.52 | NOTE | |||
| r-devel-windows-x86_64 | 0.3.0 | 3.00 | 94.00 | 97.00 | OK | |
| r-patched-linux-x86_64 | 0.3.0 | 1.84 | 73.59 | 75.43 | OK | |
| r-release-linux-x86_64 | 0.3.0 | 1.65 | 74.26 | 75.91 | OK | |
| r-release-macos-arm64 | 0.3.0 | 2.00 | 57.00 | 59.00 | OK | |
| r-release-macos-x86_64 | 0.3.0 | 2.00 | 90.00 | 92.00 | OK | |
| r-release-windows-x86_64 | 0.3.0 | 3.00 | 94.00 | 97.00 | OK | |
| r-oldrel-macos-arm64 | 0.3.0 | 1.00 | 42.00 | 43.00 | OK | |
| r-oldrel-macos-x86_64 | 0.3.0 | 2.00 | 64.00 | 66.00 | OK | |
| r-oldrel-windows-x86_64 | 0.3.0 | 5.00 | 116.00 | 121.00 | OK |
Version: 0.3.0
Check: dependencies in R code
Result: NOTE
Namespace in Imports field not imported from: ‘tibble’
All declared Imports should be used.
Flavors: r-devel-linux-x86_64-fedora-clang, r-devel-linux-x86_64-fedora-gcc