Last updated on 2025-10-30 09:49:55 CET.
| Flavor | Version | Tinstall | Tcheck | Ttotal | Status | Flags | 
|---|---|---|---|---|---|---|
| r-devel-linux-x86_64-debian-clang | 2.0.3 | 19.98 | 152.17 | 172.15 | NOTE | |
| r-devel-linux-x86_64-debian-gcc | 2.0.3 | 12.86 | 105.34 | 118.20 | NOTE | |
| r-devel-linux-x86_64-fedora-clang | 2.0.3 | 49.00 | 226.92 | 275.92 | NOTE | |
| r-devel-linux-x86_64-fedora-gcc | 2.0.3 | 39.00 | 223.44 | 262.44 | NOTE | |
| r-devel-windows-x86_64 | 2.0.3 | 21.00 | 146.00 | 167.00 | NOTE | |
| r-patched-linux-x86_64 | 2.0.3 | 19.75 | 140.23 | 159.98 | NOTE | |
| r-release-linux-x86_64 | 2.0.3 | 18.14 | 141.09 | 159.23 | NOTE | |
| r-release-macos-arm64 | 2.0.3 | 9.00 | 82.00 | 91.00 | NOTE | |
| r-release-macos-x86_64 | 2.0.3 | 15.00 | 114.00 | 129.00 | NOTE | |
| r-release-windows-x86_64 | 2.0.3 | 21.00 | 153.00 | 174.00 | NOTE | |
| r-oldrel-macos-arm64 | 2.0.3 | 7.00 | 59.00 | 66.00 | NOTE | |
| r-oldrel-macos-x86_64 | 2.0.3 | 11.00 | 87.00 | 98.00 | NOTE | |
| r-oldrel-windows-x86_64 | 2.0.3 | 28.00 | 184.00 | 212.00 | NOTE | 
Version: 2.0.3
Check: CRAN incoming feasibility
Result: NOTE
  Maintainer: ‘Lachlan Coin <l.coin@imb.uq.edu.au>’
  
  No Authors@R field in DESCRIPTION.
  Please add one, modifying
    Authors@R: c(person(given = "Lachlan",
                        family = "Coin",
                        role = c("aut", "cre"),
                        email = "l.coin@imb.uq.edu.au"),
                 person(given = "Paul",
                        family = "O'Reilly",
                        role = "aut"),
                 person(given = "Yotsawat",
                        family = "Pompyen",
                        role = "aut"),
                 person(given = "Clive",
                        family = "Hoggart",
                        role = "aut"),
                 person(given = "Federico",
                        family = "Calboli",
                        role = "aut"))
  as necessary.
Flavors: r-devel-linux-x86_64-debian-clang, r-devel-linux-x86_64-debian-gcc
Version: 2.0.3
Check: Rd files
Result: NOTE
  checkRd: (-1) mPhen.defineOptions.Rd:4: Escaped LaTeX specials: \$
Flavors: r-devel-linux-x86_64-debian-clang, r-devel-linux-x86_64-debian-gcc, r-devel-linux-x86_64-fedora-clang, r-devel-linux-x86_64-fedora-gcc, r-devel-windows-x86_64, r-patched-linux-x86_64, r-release-linux-x86_64, r-release-macos-arm64, r-release-macos-x86_64, r-release-windows-x86_64, r-oldrel-macos-arm64, r-oldrel-macos-x86_64, r-oldrel-windows-x86_64