Last updated on 2024-06-10 09:49:09 CEST.
Flavor | Version | Tinstall | Tcheck | Ttotal | Status | Flags |
---|---|---|---|---|---|---|
r-devel-linux-x86_64-debian-clang | 0.10.0 | 77.45 | 409.63 | 487.08 | OK | |
r-devel-linux-x86_64-debian-gcc | 0.10.0 | 62.62 | 270.96 | 333.58 | OK | |
r-devel-linux-x86_64-fedora-clang | 0.10.0 | 639.69 | OK | |||
r-devel-linux-x86_64-fedora-gcc | 0.10.0 | 585.83 | OK | |||
r-devel-windows-x86_64 | 0.10.0 | 62.00 | 295.00 | 357.00 | OK | |
r-patched-linux-x86_64 | 0.10.0 | 77.44 | 360.73 | 438.17 | OK | |
r-release-linux-x86_64 | 0.10.0 | 53.42 | 372.31 | 425.73 | OK | |
r-release-macos-arm64 | 0.10.0 | 149.00 | NOTE | |||
r-release-macos-x86_64 | 0.10.0 | 297.00 | NOTE | |||
r-release-windows-x86_64 | 0.10.0 | 66.00 | 302.00 | 368.00 | OK | |
r-oldrel-macos-arm64 | 0.10.0 | 164.00 | NOTE | |||
r-oldrel-macos-x86_64 | 0.10.0 | 349.00 | NOTE | |||
r-oldrel-windows-x86_64 | 0.10.0 | 81.00 | 388.00 | 469.00 | OK |
Version: 0.10.0
Check: installed package size
Result: NOTE
installed size is 5.2Mb
sub-directories of 1Mb or more:
libs 3.6Mb
Flavors: r-release-macos-arm64, r-release-macos-x86_64, r-oldrel-macos-arm64, r-oldrel-macos-x86_64