Last updated on 2025-11-23 12:49:55 CET.
| Flavor | Version | Tinstall | Tcheck | Ttotal | Status | Flags |
|---|---|---|---|---|---|---|
| r-devel-linux-x86_64-debian-clang | 0.2.0 | 1.73 | 25.75 | 27.48 | NOTE | |
| r-devel-linux-x86_64-debian-gcc | 0.2.0 | 1.52 | 21.42 | 22.94 | NOTE | |
| r-devel-linux-x86_64-fedora-clang | 0.2.0 | 40.80 | OK | |||
| r-devel-windows-x86_64 | 0.2.0 | 5.00 | 43.00 | 48.00 | OK | |
| r-patched-linux-x86_64 | 0.2.0 | 1.98 | 23.38 | 25.36 | OK | |
| r-release-linux-x86_64 | 0.2.0 | 1.81 | 23.23 | 25.04 | OK | |
| r-release-macos-arm64 | 0.2.0 | OK | ||||
| r-release-macos-x86_64 | 0.2.0 | 2.00 | 41.00 | 43.00 | OK | |
| r-release-windows-x86_64 | 0.2.0 | 4.00 | 54.00 | 58.00 | OK | |
| r-oldrel-macos-arm64 | 0.2.0 | OK | ||||
| r-oldrel-macos-x86_64 | 0.2.0 | 2.00 | 35.00 | 37.00 | OK | |
| r-oldrel-windows-x86_64 | 0.2.0 | 3.00 | 50.00 | 53.00 | OK |
Version: 0.2.0
Check: CRAN incoming feasibility
Result: NOTE
Maintainer: ‘Mikhail Popov <mikhail@mpopov.com>’
Found the following (possibly) invalid file URI:
URI: CONDUCT.md
From: README.md
Flavors: r-devel-linux-x86_64-debian-clang, r-devel-linux-x86_64-debian-gcc