Last updated on 2025-11-25 10:50:14 CET.
| Flavor | Version | Tinstall | Tcheck | Ttotal | Status | Flags |
|---|---|---|---|---|---|---|
| r-devel-linux-x86_64-debian-clang | 1.3 | 14.37 | 153.11 | 167.48 | NOTE | |
| r-devel-linux-x86_64-debian-gcc | 1.3 | 11.42 | 104.02 | 115.44 | NOTE | |
| r-devel-linux-x86_64-fedora-clang | 1.3 | 32.00 | 237.84 | 269.84 | OK | |
| r-devel-linux-x86_64-fedora-gcc | 1.3 | 55.00 | 214.75 | 269.75 | OK | |
| r-devel-windows-x86_64 | 1.3 | 18.00 | 147.00 | 165.00 | OK | |
| r-patched-linux-x86_64 | 1.3 | 12.48 | 143.43 | 155.91 | OK | |
| r-release-linux-x86_64 | 1.3 | 12.26 | 141.96 | 154.22 | OK | |
| r-release-macos-arm64 | 1.3 | OK | ||||
| r-release-macos-x86_64 | 1.3 | 11.00 | 109.00 | 120.00 | OK | |
| r-release-windows-x86_64 | 1.3 | 16.00 | 178.00 | 194.00 | OK | |
| r-oldrel-macos-arm64 | 1.3 | OK | ||||
| r-oldrel-macos-x86_64 | 1.3 | 9.00 | 79.00 | 88.00 | OK | |
| r-oldrel-windows-x86_64 | 1.3 | 21.00 | 183.00 | 204.00 | OK |
Version: 1.3
Check: CRAN incoming feasibility
Result: NOTE
Maintainer: ‘Alexandre BUREAU <alexandre.bureau@msp.ulaval.ca>’
No Authors@R field in DESCRIPTION.
Please add one, modifying
Authors@R: c(person(given = "Arafat",
family = "TAYEB",
role = "aut",
email = "arafat.tayeb@ircm.qc.ca"),
person(given = "Alexandre",
family = "BUREAU",
role = c("aut", "cre"),
email = "alexandre.bureau@msp.ulaval.ca"),
person(given = "Aurelie",
family = "Labbe",
role = "aut",
email = "aurelie.labbe@mcgill.ca"))
as necessary.
Flavors: r-devel-linux-x86_64-debian-clang, r-devel-linux-x86_64-debian-gcc