Last updated on 2025-11-23 12:49:52 CET.
| Flavor | Version | Tinstall | Tcheck | Ttotal | Status | Flags |
|---|---|---|---|---|---|---|
| r-devel-linux-x86_64-debian-clang | 1.6 | 7.56 | 66.28 | 73.84 | NOTE | |
| r-devel-linux-x86_64-debian-gcc | 1.6 | 5.12 | 46.64 | 51.76 | NOTE | |
| r-devel-linux-x86_64-fedora-clang | 1.6 | 15.00 | 96.21 | 111.21 | OK | |
| r-devel-windows-x86_64 | 1.6 | 11.00 | 76.00 | 87.00 | OK | |
| r-patched-linux-x86_64 | 1.6 | 7.03 | 61.42 | 68.45 | OK | |
| r-release-linux-x86_64 | 1.6 | 6.63 | 61.38 | 68.01 | OK | |
| r-release-macos-arm64 | 1.6 | OK | ||||
| r-release-macos-x86_64 | 1.6 | 6.00 | 46.00 | 52.00 | OK | |
| r-release-windows-x86_64 | 1.6 | 9.00 | 75.00 | 84.00 | OK | |
| r-oldrel-macos-arm64 | 1.6 | OK | ||||
| r-oldrel-macos-x86_64 | 1.6 | 5.00 | 38.00 | 43.00 | OK | |
| r-oldrel-windows-x86_64 | 1.6 | 11.00 | 108.00 | 119.00 | OK |
Version: 1.6
Check: CRAN incoming feasibility
Result: NOTE
Maintainer: ‘Rudradev Sengupta <rudradev.sengupta@uhasselt.be>’
No Authors@R field in DESCRIPTION.
Please add one, modifying
Authors@R: c(person(given = "Rudradev",
family = "Sengupta",
role = c("aut", "cre"),
email = "rudradev.sengupta@uhasselt.be"),
person(given = c("Nolen", "Joy"),
family = "Perualila",
role = "aut"))
as necessary.
Flavors: r-devel-linux-x86_64-debian-clang, r-devel-linux-x86_64-debian-gcc