Last updated on 2024-06-10 09:49:06 CEST.
Flavor | Version | Tinstall | Tcheck | Ttotal | Status | Flags |
---|---|---|---|---|---|---|
r-devel-linux-x86_64-debian-clang | 1.0.0 | 5.82 | 87.11 | 92.93 | NOTE | |
r-devel-linux-x86_64-debian-gcc | 1.0.0 | 4.54 | 62.14 | 66.68 | NOTE | |
r-devel-linux-x86_64-fedora-clang | 1.0.0 | 114.08 | NOTE | |||
r-devel-linux-x86_64-fedora-gcc | 1.0.0 | 110.61 | NOTE | |||
r-devel-windows-x86_64 | 1.0.0 | 6.00 | 74.00 | 80.00 | NOTE | |
r-patched-linux-x86_64 | 1.0.0 | 5.91 | 81.00 | 86.91 | NOTE | |
r-release-linux-x86_64 | 1.0.0 | 5.10 | 83.05 | 88.15 | NOTE | |
r-release-macos-arm64 | 1.0.0 | 32.00 | NOTE | |||
r-release-macos-x86_64 | 1.0.0 | 48.00 | NOTE | |||
r-release-windows-x86_64 | 1.0.0 | 7.00 | 75.00 | 82.00 | NOTE | |
r-oldrel-macos-arm64 | 1.0.0 | 35.00 | OK | |||
r-oldrel-macos-x86_64 | 1.0.0 | 59.00 | OK | |||
r-oldrel-windows-x86_64 | 1.0.0 | 9.00 | 91.00 | 100.00 | OK |
Version: 1.0.0
Check: Rd files
Result: NOTE
checkRd: (-1) artset1987.Rd:10: Lost braces in \itemize; meant \describe ?
checkRd: (-1) tumor.Rd:10: Lost braces in \itemize; meant \describe ?
checkRd: (-1) tumor.Rd:11: Lost braces in \itemize; meant \describe ?
checkRd: (-1) tumor.Rd:12: Lost braces in \itemize; meant \describe ?
Flavors: r-devel-linux-x86_64-debian-clang, r-devel-linux-x86_64-debian-gcc, r-devel-linux-x86_64-fedora-clang, r-devel-linux-x86_64-fedora-gcc, r-devel-windows-x86_64, r-patched-linux-x86_64, r-release-linux-x86_64, r-release-macos-arm64, r-release-macos-x86_64, r-release-windows-x86_64