CRAN Package Check Results for Package FertNet

Last updated on 2025-11-13 09:50:46 CET.

Flavor Version Tinstall Tcheck Ttotal Status Flags
r-devel-linux-x86_64-debian-clang 0.1.2 3.15 28.65 31.80 NOTE
r-devel-linux-x86_64-debian-gcc 0.1.2 2.37 22.11 24.48 NOTE
r-devel-linux-x86_64-fedora-clang 0.1.2 48.33 NOTE
r-devel-linux-x86_64-fedora-gcc 0.1.2 45.60 NOTE
r-devel-windows-x86_64 0.1.2 5.00 46.00 51.00 NOTE
r-patched-linux-x86_64 0.1.2 3.88 26.18 30.06 NOTE
r-release-linux-x86_64 0.1.2 3.80 26.17 29.97 NOTE
r-release-macos-arm64 0.1.2 2.00 17.00 19.00 NOTE
r-release-macos-x86_64 0.1.2 4.00 28.00 32.00 NOTE
r-release-windows-x86_64 0.1.2 5.00 46.00 51.00 NOTE
r-oldrel-macos-arm64 0.1.2 2.00 18.00 20.00 OK
r-oldrel-macos-x86_64 0.1.2 3.00 23.00 26.00 OK
r-oldrel-windows-x86_64 0.1.2 7.00 52.00 59.00 OK

Check Details

Version: 0.1.2
Check: DESCRIPTION meta-information
Result: NOTE Missing dependency on R >= 4.1.0 because package code uses the pipe |> or function shorthand \(...) syntax added in R 4.1.0. File(s) using such syntax: ‘change_column_types.Rd’ ‘create_alter_attr.Rd’ ‘create_edgelist.Rd’ ‘create_nw.Rd’ ‘create_relation_labels.Rd’ ‘create_tidygraph.Rd’ ‘fix_errors.Rd’ ‘produce_data.R’ ‘translate.Rd’ Flavors: r-devel-linux-x86_64-debian-clang, r-devel-linux-x86_64-debian-gcc, r-devel-linux-x86_64-fedora-clang, r-devel-linux-x86_64-fedora-gcc, r-devel-windows-x86_64, r-patched-linux-x86_64, r-release-linux-x86_64, r-release-macos-arm64, r-release-windows-x86_64

Version: 0.1.2
Check: DESCRIPTION meta-information
Result: NOTE Missing dependency on R >= 4.1.0 because package code uses the pipe |> or function shorthand \(...) syntax added in R 4.1.0. File(s) using such syntax: ‘produce_data.R’ Flavor: r-release-macos-x86_64