Last updated on 2025-11-01 10:49:37 CET.
| Flavor | Version | Tinstall | Tcheck | Ttotal | Status | Flags |
|---|---|---|---|---|---|---|
| r-devel-linux-x86_64-debian-clang | 1.1 | 16.40 | 125.81 | 142.21 | NOTE | |
| r-devel-linux-x86_64-debian-gcc | 1.1 | 11.76 | 88.40 | 100.16 | NOTE | |
| r-devel-linux-x86_64-fedora-clang | 1.1 | 37.00 | 188.59 | 225.59 | OK | |
| r-devel-linux-x86_64-fedora-gcc | 1.1 | 74.00 | 146.09 | 220.09 | OK | |
| r-devel-windows-x86_64 | 1.1 | 16.00 | 128.00 | 144.00 | OK | |
| r-patched-linux-x86_64 | 1.1 | 15.14 | 118.58 | 133.72 | OK | |
| r-release-linux-x86_64 | 1.1 | 14.16 | 120.24 | 134.40 | OK | |
| r-release-macos-arm64 | 1.1 | 6.00 | 46.00 | 52.00 | OK | |
| r-release-macos-x86_64 | 1.1 | 19.00 | 94.00 | 113.00 | OK | |
| r-release-windows-x86_64 | 1.1 | 19.00 | 132.00 | 151.00 | OK | |
| r-oldrel-macos-arm64 | 1.1 | 5.00 | 47.00 | 52.00 | OK | |
| r-oldrel-macos-x86_64 | 1.1 | 8.00 | 101.00 | 109.00 | OK | |
| r-oldrel-windows-x86_64 | 1.1 | 23.00 | 176.00 | 199.00 | OK |
Version: 1.1
Check: CRAN incoming feasibility
Result: NOTE
Maintainer: ‘Victor H. Cervantes <vhcervantesb@unal.edu.co>’
No Authors@R field in DESCRIPTION.
Please add one, modifying
Authors@R: person(given = c("Victor", "H."),
family = "Cervantes",
role = c("aut", "cre"),
email = "vhcervantesb@unal.edu.co")
as necessary.
Flavors: r-devel-linux-x86_64-debian-clang, r-devel-linux-x86_64-debian-gcc