Last updated on 2025-07-27 10:49:17 CEST.
Flavor | Version | Tinstall | Tcheck | Ttotal | Status | Flags |
---|---|---|---|---|---|---|
r-devel-linux-x86_64-debian-clang | 1.2.7 | 10.07 | 92.33 | 102.40 | NOTE | |
r-devel-linux-x86_64-debian-gcc | 1.2.7 | 6.83 | 66.68 | 73.51 | NOTE | |
r-devel-linux-x86_64-fedora-clang | 1.2.7 | 167.14 | OK | |||
r-devel-linux-x86_64-fedora-gcc | 1.2.7 | 179.54 | OK | |||
r-devel-windows-x86_64 | 1.2.7 | 11.00 | 125.00 | 136.00 | OK | |
r-patched-linux-x86_64 | 1.2.7 | 9.19 | 85.69 | 94.88 | OK | |
r-release-linux-x86_64 | 1.2.7 | 9.53 | 86.91 | 96.44 | OK | |
r-release-macos-arm64 | 1.2.7 | 62.00 | OK | |||
r-release-macos-x86_64 | 1.2.7 | 98.00 | OK | |||
r-release-windows-x86_64 | 1.2.7 | 11.00 | 125.00 | 136.00 | OK | |
r-oldrel-macos-arm64 | 1.2.7 | 49.00 | OK | |||
r-oldrel-macos-x86_64 | 1.2.7 | 79.00 | OK | |||
r-oldrel-windows-x86_64 | 1.2.7 | 16.00 | 159.00 | 175.00 | OK |
Version: 1.2.7
Check: CRAN incoming feasibility
Result: NOTE
Maintainer: ‘Haydar Demirhan <haydar.demirhan@rmit.edu.au>’
No Authors@R field in DESCRIPTION.
Please add one, modifying
Authors@R: person(given = "Haydar",
family = "Demirhan",
role = c("aut", "cre"),
email = "haydar.demirhan@rmit.edu.au",
comment = c(ORCID = "0000-0002-8565-4710"))
as necessary.
Package CITATION file contains call(s) to old-style personList() or
as.personList(). Please use c() on person objects instead.
Package CITATION file contains call(s) to old-style citEntry(). Please
use bibentry() instead.
Flavors: r-devel-linux-x86_64-debian-clang, r-devel-linux-x86_64-debian-gcc