Last updated on 2025-11-15 11:50:40 CET.
| Flavor | Version | Tinstall | Tcheck | Ttotal | Status | Flags |
|---|---|---|---|---|---|---|
| r-devel-linux-x86_64-debian-clang | 1.0.0 | 25.99 | 104.40 | 130.39 | OK | |
| r-devel-linux-x86_64-debian-gcc | 1.0.0 | 15.94 | 75.08 | 91.02 | OK | |
| r-devel-linux-x86_64-fedora-clang | 1.0.0 | 236.00 | 0.03 | 236.03 | OK | |
| r-devel-linux-x86_64-fedora-gcc | 1.0.0 | 42.00 | 172.47 | 214.47 | OK | |
| r-devel-windows-x86_64 | 1.0.0 | 36.00 | 136.00 | 172.00 | OK | |
| r-patched-linux-x86_64 | 1.0.0 | 24.58 | 100.97 | 125.55 | OK | |
| r-release-linux-x86_64 | 1.0.0 | 22.97 | 101.65 | 124.62 | OK | |
| r-release-macos-arm64 | 1.0.0 | 9.00 | 57.00 | 66.00 | OK | |
| r-release-macos-x86_64 | 1.0.0 | 19.00 | 103.00 | 122.00 | OK | |
| r-release-windows-x86_64 | 1.0.0 | 31.00 | 124.00 | 155.00 | OK | |
| r-oldrel-macos-arm64 | 1.0.0 | 10.00 | 55.00 | 65.00 | NOTE | |
| r-oldrel-macos-x86_64 | 1.0.0 | 13.00 | 93.00 | 106.00 | NOTE | |
| r-oldrel-windows-x86_64 | 1.0.0 | 38.00 | 159.00 | 197.00 | NOTE |
Version: 1.0.0
Check: installed package size
Result: NOTE
installed size is 6.5Mb
sub-directories of 1Mb or more:
extdata 5.3Mb
Flavors: r-oldrel-macos-arm64, r-oldrel-macos-x86_64, r-oldrel-windows-x86_64