Last updated on 2025-10-31 09:50:13 CET.
| Flavor | Version | Tinstall | Tcheck | Ttotal | Status | Flags | 
|---|---|---|---|---|---|---|
| r-devel-linux-x86_64-debian-clang | 0.1.0 | 1.93 | 19.85 | 21.78 | NOTE | |
| r-devel-linux-x86_64-debian-gcc | 0.1.0 | 1.65 | 16.39 | 18.04 | NOTE | |
| r-devel-linux-x86_64-fedora-clang | 0.1.0 | 16.00 | 18.08 | 34.08 | OK | |
| r-devel-linux-x86_64-fedora-gcc | 0.1.0 | 31.08 | OK | |||
| r-devel-windows-x86_64 | 0.1.0 | 4.00 | 37.00 | 41.00 | OK | |
| r-patched-linux-x86_64 | 0.1.0 | 1.75 | 18.58 | 20.33 | OK | |
| r-release-linux-x86_64 | 0.1.0 | 1.58 | 18.51 | 20.09 | OK | |
| r-release-macos-arm64 | 0.1.0 | 1.00 | 13.00 | 14.00 | OK | |
| r-release-macos-x86_64 | 0.1.0 | 2.00 | 22.00 | 24.00 | OK | |
| r-release-windows-x86_64 | 0.1.0 | 3.00 | 39.00 | 42.00 | OK | |
| r-oldrel-macos-arm64 | 0.1.0 | 1.00 | 16.00 | 17.00 | OK | |
| r-oldrel-macos-x86_64 | 0.1.0 | 2.00 | 19.00 | 21.00 | OK | |
| r-oldrel-windows-x86_64 | 0.1.0 | 2.00 | 37.00 | 39.00 | OK | 
Version: 0.1.0
Check: CRAN incoming feasibility
Result: NOTE
  Maintainer: ‘Haitian Xie <xht@gsm.pku.edu.cn>’
  
  No Authors@R field in DESCRIPTION.
  Please add one, modifying
    Authors@R: person(given = "Haitian",
                      family = "Xie",
                      role = c("aut", "cre"),
                      email = "xht@gsm.pku.edu.cn")
  as necessary.
Flavors: r-devel-linux-x86_64-debian-clang, r-devel-linux-x86_64-debian-gcc