CRAN Package Check Results for Package Canopy

Last updated on 2025-11-20 11:51:05 CET.

Flavor Version Tinstall Tcheck Ttotal Status Flags
r-devel-linux-x86_64-debian-clang 1.3.0 12.26 142.91 155.17 NOTE
r-devel-linux-x86_64-debian-gcc 1.3.0 7.90 97.13 105.03 NOTE
r-devel-linux-x86_64-fedora-clang 1.3.0 31.00 198.55 229.55 NOTE
r-devel-linux-x86_64-fedora-gcc 1.3.0 27.00 214.52 241.52 NOTE
r-devel-windows-x86_64 1.3.0 17.00 142.00 159.00 OK
r-patched-linux-x86_64 1.3.0 10.53 136.27 146.80 NOTE
r-release-linux-x86_64 1.3.0 12.48 135.07 147.55 NOTE
r-release-macos-arm64 1.3.0 OK
r-release-macos-x86_64 1.3.0 10.00 126.00 136.00 OK
r-release-windows-x86_64 1.3.0 13.00 144.00 157.00 OK
r-oldrel-macos-arm64 1.3.0 OK
r-oldrel-macos-x86_64 1.3.0 8.00 94.00 102.00 OK
r-oldrel-windows-x86_64 1.3.0 19.00 177.00 196.00 OK

Check Details

Version: 1.3.0
Check: CRAN incoming feasibility
Result: NOTE Maintainer: ‘Yuchao Jiang <yuchaoj@email.unc.edu>’ No Authors@R field in DESCRIPTION. Please add one, modifying Authors@R: c(person(given = "Yuchao", family = "Jiang", role = c("aut", "cre"), email = "yuchaoj@email.unc.edu"), person(given = c("Nancy", "R."), family = "Zhang", role = "aut")) as necessary. Flavors: r-devel-linux-x86_64-debian-clang, r-devel-linux-x86_64-debian-gcc

Version: 1.3.0
Check: for non-standard things in the check directory
Result: NOTE Found the following files/directories: ‘MDA231_tree.pdf’ Flavors: r-devel-linux-x86_64-debian-clang, r-devel-linux-x86_64-debian-gcc, r-devel-linux-x86_64-fedora-clang, r-devel-linux-x86_64-fedora-gcc, r-patched-linux-x86_64, r-release-linux-x86_64