Last updated on 2025-11-07 09:50:16 CET.
| Flavor | Version | Tinstall | Tcheck | Ttotal | Status | Flags |
|---|---|---|---|---|---|---|
| r-devel-linux-x86_64-debian-clang | 0.12.0 | 124.87 | 320.93 | 445.80 | OK | |
| r-devel-linux-x86_64-debian-gcc | 0.12.0 | 92.27 | 312.41 | 404.68 | OK | |
| r-devel-linux-x86_64-fedora-clang | 0.12.1 | 134.00 | 621.76 | 755.76 | OK | |
| r-devel-linux-x86_64-fedora-gcc | 0.12.1 | 203.00 | 684.63 | 887.63 | OK | |
| r-devel-windows-x86_64 | 0.12.0 | 156.00 | 406.00 | 562.00 | OK | |
| r-patched-linux-x86_64 | 0.12.0 | 122.76 | 416.18 | 538.94 | OK | |
| r-release-linux-x86_64 | 0.12.0 | 131.27 | 401.05 | 532.32 | OK | |
| r-release-macos-arm64 | 0.12.1 | 57.00 | 162.00 | 219.00 | OK | |
| r-release-macos-x86_64 | 0.12.1 | 76.00 | 339.00 | 415.00 | OK | |
| r-release-windows-x86_64 | 0.12.0 | 151.00 | 406.00 | 557.00 | OK | |
| r-oldrel-macos-arm64 | 0.12.1 | 56.00 | 151.00 | 207.00 | NOTE | |
| r-oldrel-macos-x86_64 | 0.12.1 | 64.00 | 329.00 | 393.00 | NOTE | |
| r-oldrel-windows-x86_64 | 0.12.0 | 184.00 | 507.00 | 691.00 | OK |
Version: 0.12.1
Check: installed package size
Result: NOTE
installed size is 17.8Mb
sub-directories of 1Mb or more:
libs 15.5Mb
Flavors: r-oldrel-macos-arm64, r-oldrel-macos-x86_64