Last updated on 2025-11-03 09:49:25 CET.
| Flavor | Version | Tinstall | Tcheck | Ttotal | Status | Flags | 
|---|---|---|---|---|---|---|
| r-devel-linux-x86_64-debian-clang | 1.0.0 | 37.72 | 371.35 | 409.07 | NOTE | |
| r-devel-linux-x86_64-debian-gcc | 1.0.0 | 32.86 | 256.67 | 289.53 | NOTE | |
| r-devel-linux-x86_64-fedora-clang | 1.0.0 | 238.00 | 485.12 | 723.12 | OK | |
| r-devel-linux-x86_64-fedora-gcc | 1.0.0 | 325.00 | 368.60 | 693.60 | OK | |
| r-devel-windows-x86_64 | 1.0.0 | 46.00 | 327.00 | 373.00 | NOTE | |
| r-patched-linux-x86_64 | 1.0.0 | 38.40 | 349.60 | 388.00 | NOTE | |
| r-release-linux-x86_64 | 1.0.0 | 40.13 | 349.50 | 389.63 | NOTE | |
| r-release-macos-arm64 | 1.0.0 | 5.00 | ERROR | |||
| r-release-macos-x86_64 | 1.0.0 | 7.00 | ERROR | |||
| r-release-windows-x86_64 | 1.0.0 | 60.00 | 317.00 | 377.00 | NOTE | |
| r-oldrel-macos-arm64 | 1.0.0 | 12.00 | ERROR | |||
| r-oldrel-macos-x86_64 | 1.0.0 | 31.00 | 228.00 | 259.00 | OK | |
| r-oldrel-windows-x86_64 | 1.0.0 | 61.00 | 443.00 | 504.00 | OK | 
Version: 1.0.0
Check: Rd cross-references
Result: NOTE
  Found the following Rd file(s) with Rd \link{} targets missing package
  anchors:
    BuildGeneSets.Rd: edgeR, org.Hs.eg.db, org.Mm.eg.db
    CAMML.Rd: vamForSeurat
    ChIMP.Rd: vamForSeurat
    GetGeneSets.Rd: org.Hs.eg.db, org.Mm.eg.db
  Please provide package anchors for all Rd \link{} targets not in the
  package itself and the base packages.
Flavors: r-devel-linux-x86_64-debian-clang, r-devel-linux-x86_64-debian-gcc, r-devel-windows-x86_64, r-patched-linux-x86_64, r-release-linux-x86_64, r-release-windows-x86_64
Version: 1.0.0
Check: package dependencies
Result: ERROR
  Packages required but not available:
    'org.Hs.eg.db', 'org.Dr.eg.db', 'org.Mm.eg.db'
  
  See section ‘The DESCRIPTION file’ in the ‘Writing R Extensions’
  manual.
Flavor: r-release-macos-arm64
Version: 1.0.0
Check: package dependencies
Result: ERROR
  Packages required but not available: 'org.Dr.eg.db', 'org.Mm.eg.db'
  
  See section ‘The DESCRIPTION file’ in the ‘Writing R Extensions’
  manual.
Flavors: r-release-macos-x86_64, r-oldrel-macos-arm64