Last updated on 2025-10-22 09:50:28 CEST.
Flavor | Version | Tinstall | Tcheck | Ttotal | Status | Flags |
---|---|---|---|---|---|---|
r-devel-linux-x86_64-debian-clang | 1.0 | 4.74 | 35.99 | 40.73 | NOTE | |
r-devel-linux-x86_64-debian-gcc | 1.0 | 2.76 | 25.93 | 28.69 | NOTE | |
r-devel-linux-x86_64-fedora-clang | 1.0 | 62.48 | OK | |||
r-devel-linux-x86_64-fedora-gcc | 1.0 | 11.00 | 49.67 | 60.67 | OK | |
r-devel-windows-x86_64 | 1.0 | 6.00 | 48.00 | 54.00 | OK | |
r-patched-linux-x86_64 | 1.0 | 4.55 | 33.79 | 38.34 | OK | |
r-release-linux-x86_64 | 1.0 | 4.20 | 34.48 | 38.68 | OK | |
r-release-macos-arm64 | 1.0 | 2.00 | 18.00 | 20.00 | OK | |
r-release-macos-x86_64 | 1.0 | 6.00 | 46.00 | 52.00 | OK | |
r-release-windows-x86_64 | 1.0 | 5.00 | 49.00 | 54.00 | OK | |
r-oldrel-macos-arm64 | 1.0 | 1.00 | 23.00 | 24.00 | OK | |
r-oldrel-macos-x86_64 | 1.0 | 5.00 | 41.00 | 46.00 | OK | |
r-oldrel-windows-x86_64 | 1.0 | 5.00 | 49.00 | 54.00 | OK |
Version: 1.0
Check: CRAN incoming feasibility
Result: NOTE
Maintainer: ‘Jae H. Kim <jaekim8080@gmail.com>’
No Authors@R field in DESCRIPTION.
Please add one, modifying
Authors@R: c(person(given = c("Jae.", "H."),
family = "Kim",
role = "aut",
email = "jaekim8080@gmail.com"),
person(given = c("Jae", "H."),
family = "Kim",
role = "cre",
email = "jaekim8080@gmail.com"))
as necessary.
Flavors: r-devel-linux-x86_64-debian-clang, r-devel-linux-x86_64-debian-gcc