Last updated on 2025-11-10 10:51:18 CET.
| Flavor | Version | Tinstall | Tcheck | Ttotal | Status | Flags |
|---|---|---|---|---|---|---|
| r-devel-linux-x86_64-debian-clang | 1.5.0 | 12.76 | 178.28 | 191.04 | OK | |
| r-devel-linux-x86_64-debian-gcc | 1.5.0 | 7.71 | 122.66 | 130.37 | OK | |
| r-devel-linux-x86_64-fedora-clang | 1.5.0 | 33.00 | 274.20 | 307.20 | OK | |
| r-devel-linux-x86_64-fedora-gcc | 1.5.0 | 56.00 | 270.27 | 326.27 | OK | |
| r-devel-windows-x86_64 | 1.5.0 | 15.00 | 197.00 | 212.00 | OK | |
| r-patched-linux-x86_64 | 1.5.0 | 14.42 | 166.98 | 181.40 | OK | |
| r-release-linux-x86_64 | 1.5.0 | 12.14 | 165.22 | 177.36 | OK | |
| r-release-macos-arm64 | 1.5.0 | 5.00 | 80.00 | 85.00 | OK | |
| r-release-macos-x86_64 | 1.5.0 | 11.00 | 157.00 | 168.00 | OK | |
| r-release-windows-x86_64 | 1.5.0 | 13.00 | 190.00 | 203.00 | OK | |
| r-oldrel-macos-arm64 | 1.5.0 | 4.00 | 81.00 | 85.00 | OK | |
| r-oldrel-macos-x86_64 | 1.5.0 | 17.00 | 161.00 | 178.00 | OK | |
| r-oldrel-windows-x86_64 | 1.5.0 | 18.00 | 246.00 | 264.00 | ERROR |
Version: 1.5.0
Check: package dependencies
Result: NOTE
Packages suggested but not available for checking: 'EasyMx', 'OpenMx'
Flavor: r-oldrel-windows-x86_64
Version: 1.5.0
Check: re-building of vignette outputs
Result: ERROR
Error(s) in re-building vignettes:
--- re-building 'v0_network.Rmd' using rmarkdown
--- finished re-building 'v0_network.Rmd'
--- re-building 'v1_modelingvariancecomponents.Rmd' using rmarkdown
Quitting from v1_modelingvariancecomponents.Rmd:40-44 [unnamed-chunk-2]
~~~~~~~~~~~~~~~~~~~~~~~~~~~~~~~~~~~~~~~~~~~~~~~~~~~~~~~~~~~~~~~~~~~~~~~~~~~~~~~~
<error/rlang_error>
Error in `library()`:
! there is no package called 'EasyMx'
---
Backtrace:
▆
1. └─base::library(EasyMx)
~~~~~~~~~~~~~~~~~~~~~~~~~~~~~~~~~~~~~~~~~~~~~~~~~~~~~~~~~~~~~~~~~~~~~~~~~~~~~~~~
Error: processing vignette 'v1_modelingvariancecomponents.Rmd' failed with diagnostics:
there is no package called 'EasyMx'
--- failed re-building 'v1_modelingvariancecomponents.Rmd'
--- re-building 'v2_pedigree.Rmd' using rmarkdown
--- finished re-building 'v2_pedigree.Rmd'
--- re-building 'v3_analyticrelatedness.Rmd' using rmarkdown
--- finished re-building 'v3_analyticrelatedness.Rmd'
--- re-building 'v4_validation.Rmd' using rmarkdown
--- finished re-building 'v4_validation.Rmd'
--- re-building 'v5_ASOIAF.Rmd' using rmarkdown
--- finished re-building 'v5_ASOIAF.Rmd'
SUMMARY: processing the following file failed:
'v1_modelingvariancecomponents.Rmd'
Error: Vignette re-building failed.
Execution halted
Flavor: r-oldrel-windows-x86_64