Last updated on 2024-06-15 11:50:02 CEST.
Flavor | Version | Tinstall | Tcheck | Ttotal | Status | Flags |
---|---|---|---|---|---|---|
r-devel-linux-x86_64-debian-clang | 1.3.2 | 8.10 | 42.69 | 50.79 | OK | |
r-devel-linux-x86_64-debian-gcc | 1.3.2 | 6.70 | 33.03 | 39.73 | OK | |
r-devel-linux-x86_64-fedora-clang | 1.3.2 | 62.28 | NOTE | |||
r-devel-linux-x86_64-fedora-gcc | 1.3.2 | 73.52 | NOTE | |||
r-devel-windows-x86_64 | 1.3.2 | 7.00 | 60.00 | 67.00 | OK | |
r-patched-linux-x86_64 | 1.3.2 | 15.25 | 42.16 | 57.41 | OK | |
r-release-linux-x86_64 | 1.3.2 | 7.97 | 41.82 | 49.79 | OK | |
r-release-macos-arm64 | 1.3.2 | 33.00 | OK | |||
r-release-macos-x86_64 | 1.3.2 | 45.00 | OK | |||
r-release-windows-x86_64 | 1.3.2 | 8.00 | 65.00 | 73.00 | OK | |
r-oldrel-macos-arm64 | 1.3.2 | 31.00 | OK | |||
r-oldrel-macos-x86_64 | 1.3.2 | 44.00 | OK | |||
r-oldrel-windows-x86_64 | 1.3.2 | 10.00 | 62.00 | 72.00 | OK |
Version: 1.3.2
Check: dependencies in R code
Result: NOTE
Namespace in Imports field not imported from: ‘openssl’
All declared Imports should be used.
Flavors: r-devel-linux-x86_64-fedora-clang, r-devel-linux-x86_64-fedora-gcc
Version: 1.3.2
Check: Rd cross-references
Result: NOTE
Undeclared package ‘AzureAuth’ in Rd xrefs
Flavor: r-devel-linux-x86_64-fedora-clang