CRAN Package Check Results for Package ASSA

Last updated on 2025-11-22 09:49:47 CET.

Flavor Version Tinstall Tcheck Ttotal Status Flags
r-devel-linux-x86_64-debian-clang 2.0 6.16 34.74 40.90 NOTE
r-devel-linux-x86_64-debian-gcc 2.0 4.36 25.69 30.05 NOTE
r-devel-linux-x86_64-fedora-clang 2.0 12.00 48.79 60.79 OK
r-devel-windows-x86_64 2.0 8.00 55.00 63.00 OK
r-patched-linux-x86_64 2.0 5.39 31.98 37.37 OK
r-release-linux-x86_64 2.0 4.08 32.72 36.80 OK
r-release-macos-arm64 2.0 OK
r-release-macos-x86_64 2.0 6.00 33.00 39.00 OK
r-release-windows-x86_64 2.0 12.00 53.00 65.00 OK
r-oldrel-macos-arm64 2.0 OK
r-oldrel-macos-x86_64 2.0 7.00 27.00 34.00 OK
r-oldrel-windows-x86_64 2.0 10.00 56.00 66.00 OK

Check Details

Version: 2.0
Check: CRAN incoming feasibility
Result: NOTE Maintainer: ‘Miguel de Carvalho <miguel.decarvalho@ed.ac.uk>’ Package CITATION file contains call(s) to old-style personList() or as.personList(). Please use c() on person objects instead. Package CITATION file contains call(s) to old-style citEntry(). Please use bibentry() instead. Flavors: r-devel-linux-x86_64-debian-clang, r-devel-linux-x86_64-debian-gcc