Last updated on 2025-11-12 10:52:37 CET.
| Flavor | Version | Tinstall | Tcheck | Ttotal | Status | Flags |
|---|---|---|---|---|---|---|
| r-devel-linux-x86_64-debian-clang | 0.3.4 | 51.33 | 64.07 | 115.40 | OK | |
| r-devel-linux-x86_64-debian-gcc | 0.3.4 | 37.05 | 48.09 | 85.14 | OK | |
| r-devel-linux-x86_64-fedora-clang | 0.3.4 | 70.00 | 121.05 | 191.05 | OK | |
| r-devel-linux-x86_64-fedora-gcc | 0.3.4 | 99.00 | 95.05 | 194.05 | OK | |
| r-devel-windows-x86_64 | 0.3.4 | 58.00 | 106.00 | 164.00 | OK | |
| r-patched-linux-x86_64 | 0.3.4 | 54.20 | 61.62 | 115.82 | OK | |
| r-release-linux-x86_64 | 0.3.4 | 55.68 | 60.87 | 116.55 | OK | |
| r-release-macos-arm64 | 0.3.4 | 21.00 | 34.00 | 55.00 | OK | |
| r-release-macos-x86_64 | 0.3.4 | 37.00 | 58.00 | 95.00 | OK | |
| r-release-windows-x86_64 | 0.3.4 | 59.00 | 91.00 | 150.00 | OK | |
| r-oldrel-macos-arm64 | 0.3.4 | 25.00 | 38.00 | 63.00 | NOTE | |
| r-oldrel-macos-x86_64 | 0.3.4 | 38.00 | 69.00 | 107.00 | NOTE | |
| r-oldrel-windows-x86_64 | 0.3.4 | 69.00 | 119.00 | 188.00 | OK |
Version: 0.3.4
Check: installed package size
Result: NOTE
installed size is 5.8Mb
sub-directories of 1Mb or more:
libs 5.6Mb
Flavors: r-oldrel-macos-arm64, r-oldrel-macos-x86_64