CRAN Package Check Results for Package ACTCD

Last updated on 2025-11-23 12:49:42 CET.

Flavor Version Tinstall Tcheck Ttotal Status Flags
r-devel-linux-x86_64-debian-clang 1.3-0 11.51 102.52 114.03 NOTE
r-devel-linux-x86_64-debian-gcc 1.3-0 7.83 67.46 75.29 NOTE
r-devel-linux-x86_64-fedora-clang 1.3-0 33.00 123.14 156.14 OK
r-devel-windows-x86_64 1.3-0 20.00 93.00 113.00 OK
r-patched-linux-x86_64 1.3-0 10.39 94.49 104.88 OK
r-release-linux-x86_64 1.3-0 11.44 95.13 106.57 OK
r-release-macos-arm64 1.3-0 OK
r-release-macos-x86_64 1.3-0 13.00 72.00 85.00 OK
r-release-windows-x86_64 1.3-0 16.00 106.00 122.00 OK
r-oldrel-macos-arm64 1.3-0 OK
r-oldrel-macos-x86_64 1.3-0 11.00 57.00 68.00 OK
r-oldrel-windows-x86_64 1.3-0 24.00 122.00 146.00 OK

Check Details

Version: 1.3-0
Check: CRAN incoming feasibility
Result: NOTE Maintainer: ‘Wenchao Ma <wenchao.ma@ua.edu>’ No Authors@R field in DESCRIPTION. Please add one, modifying Authors@R: c(person(given = "Chia-Yi", family = "Chiu", role = "aut", comment = "University of Minnesota"), person(given = "Wenchao", family = "Ma", role = c("aut", "cre"), email = "wenchao.ma@ua.edu", comment = "The University of Alabama")) as necessary. Flavors: r-devel-linux-x86_64-debian-clang, r-devel-linux-x86_64-debian-gcc