CRAN Package Check Results for Package wyz.code.testthat

Last updated on 2025-11-11 11:53:38 CET.

Flavor Version Tinstall Tcheck Ttotal Status Flags
r-devel-linux-x86_64-debian-clang 1.1.20 5.40 45.12 50.52 NOTE
r-devel-linux-x86_64-debian-gcc 1.1.20 3.84 33.28 37.12 NOTE
r-devel-linux-x86_64-fedora-clang 1.1.20 11.00 67.64 78.64 OK
r-devel-linux-x86_64-fedora-gcc 1.1.20 12.00 75.02 87.02 OK
r-devel-windows-x86_64 1.1.20 7.00 60.00 67.00 OK
r-patched-linux-x86_64 1.1.20 4.53 42.88 47.41 OK
r-release-linux-x86_64 1.1.20 4.31 42.14 46.45 OK
r-release-macos-arm64 1.1.20 2.00 30.00 32.00 OK
r-release-macos-x86_64 1.1.20 6.00 67.00 73.00 OK
r-release-windows-x86_64 1.1.20 7.00 59.00 66.00 OK
r-oldrel-macos-arm64 1.1.20 2.00 32.00 34.00 OK
r-oldrel-macos-x86_64 1.1.20 3.00 48.00 51.00 OK
r-oldrel-windows-x86_64 1.1.20 8.00 71.00 79.00 OK

Check Details

Version: 1.1.20
Check: CRAN incoming feasibility
Result: NOTE Maintainer: ‘Fabien Gelineau <neonira@gmail.com>’ No Authors@R field in DESCRIPTION. Please add one, modifying Authors@R: person(given = "Fabien", family = "Gelineau", role = c("aut", "cre"), email = "neonira@gmail.com") as necessary. Flavors: r-devel-linux-x86_64-debian-clang, r-devel-linux-x86_64-debian-gcc