Last updated on 2025-11-11 11:53:37 CET.
| Flavor | Version | Tinstall | Tcheck | Ttotal | Status | Flags |
|---|---|---|---|---|---|---|
| r-devel-linux-x86_64-debian-clang | 0.1.0 | 6.15 | 238.18 | 244.33 | OK | |
| r-devel-linux-x86_64-debian-gcc | 0.1.0 | 4.14 | 141.84 | 145.98 | OK | |
| r-devel-linux-x86_64-fedora-clang | 0.1.0 | 29.00 | 328.40 | 357.40 | NOTE | |
| r-devel-linux-x86_64-fedora-gcc | 0.1.0 | 12.00 | 370.79 | 382.79 | NOTE | |
| r-devel-windows-x86_64 | 0.1.0 | 10.00 | 203.00 | 213.00 | OK | |
| r-patched-linux-x86_64 | 0.1.0 | 6.63 | 220.29 | 226.92 | OK | |
| r-release-linux-x86_64 | 0.1.0 | 6.04 | 224.06 | 230.10 | OK | |
| r-release-macos-arm64 | 0.1.0 | 2.00 | 92.00 | 94.00 | OK | |
| r-release-macos-x86_64 | 0.1.0 | 4.00 | 185.00 | 189.00 | OK | |
| r-release-windows-x86_64 | 0.1.0 | 8.00 | 207.00 | 215.00 | OK | |
| r-oldrel-macos-arm64 | 0.1.0 | 3.00 | 93.00 | 96.00 | OK | |
| r-oldrel-macos-x86_64 | 0.1.0 | 6.00 | 149.00 | 155.00 | OK | |
| r-oldrel-windows-x86_64 | 0.1.0 | 11.00 | 288.00 | 299.00 | OK |
Version: 0.1.0
Check: dependencies in R code
Result: NOTE
Namespaces in Imports field not imported from:
‘mclust’ ‘rlang’
All declared Imports should be used.
Flavors: r-devel-linux-x86_64-fedora-clang, r-devel-linux-x86_64-fedora-gcc