Last updated on 2025-11-21 09:49:20 CET.
| Flavor | Version | Tinstall | Tcheck | Ttotal | Status | Flags |
|---|---|---|---|---|---|---|
| r-devel-linux-x86_64-debian-clang | 0.5.2 | 7.78 | 71.82 | 79.60 | NOTE | |
| r-devel-linux-x86_64-debian-gcc | 0.5.2 | 5.55 | 51.25 | 56.80 | NOTE | |
| r-devel-linux-x86_64-fedora-clang | 0.5.2 | 16.00 | 103.64 | 119.64 | NOTE | |
| r-devel-linux-x86_64-fedora-gcc | 0.5.2 | 14.00 | 98.70 | 112.70 | NOTE | |
| r-devel-windows-x86_64 | 0.5.2 | 12.00 | 84.00 | 96.00 | NOTE | |
| r-patched-linux-x86_64 | 0.5.2 | 7.45 | 65.82 | 73.27 | NOTE | |
| r-release-linux-x86_64 | 0.5.2 | 6.89 | 65.94 | 72.83 | NOTE | |
| r-release-macos-arm64 | 0.5.2 | NOTE | ||||
| r-release-macos-x86_64 | 0.5.2 | 5.00 | 47.00 | 52.00 | NOTE | |
| r-release-windows-x86_64 | 0.5.2 | 11.00 | 82.00 | 93.00 | NOTE | |
| r-oldrel-macos-arm64 | 0.5.2 | OK | ||||
| r-oldrel-macos-x86_64 | 0.5.2 | 5.00 | 42.00 | 47.00 | OK | |
| r-oldrel-windows-x86_64 | 0.5.2 | 12.00 | 102.00 | 114.00 | OK |
Version: 0.5.2
Check: DESCRIPTION meta-information
Result: NOTE
Missing dependency on R >= 4.1.0 because package code uses the pipe
|> or function shorthand \(...) syntax added in R 4.1.0.
File(s) using such syntax:
‘intersection_powerset.R’ ‘powerset_icounts.Rd’ ‘pr.R’ ‘pr.boot.Rd’
Flavors: r-devel-linux-x86_64-debian-clang, r-devel-linux-x86_64-debian-gcc, r-devel-linux-x86_64-fedora-clang, r-devel-linux-x86_64-fedora-gcc, r-devel-windows-x86_64, r-patched-linux-x86_64, r-release-linux-x86_64, r-release-macos-arm64, r-release-macos-x86_64, r-release-windows-x86_64