Last updated on 2025-10-22 09:50:57 CEST.
Flavor | Version | Tinstall | Tcheck | Ttotal | Status | Flags |
---|---|---|---|---|---|---|
r-devel-linux-x86_64-debian-clang | 0.1.0 | 3.51 | 35.74 | 39.25 | OK | |
r-devel-linux-x86_64-debian-gcc | 0.1.0 | 2.42 | 27.34 | 29.76 | OK | |
r-devel-linux-x86_64-fedora-clang | 0.1.0 | 15.00 | 46.55 | 61.55 | OK | |
r-devel-linux-x86_64-fedora-gcc | 0.1.0 | 54.65 | OK | |||
r-devel-windows-x86_64 | 0.1.0 | 6.00 | 51.00 | 57.00 | OK | |
r-patched-linux-x86_64 | 0.1.0 | 3.50 | 32.05 | 35.55 | OK | |
r-release-linux-x86_64 | 0.1.0 | 3.22 | 32.57 | 35.79 | OK | |
r-release-macos-arm64 | 0.1.0 | 2.00 | 21.00 | 23.00 | OK | |
r-release-macos-x86_64 | 0.1.0 | 3.00 | 30.00 | 33.00 | OK | |
r-release-windows-x86_64 | 0.1.0 | 6.00 | 52.00 | 58.00 | OK | |
r-oldrel-macos-arm64 | 0.1.0 | 2.00 | 19.00 | 21.00 | NOTE | |
r-oldrel-macos-x86_64 | 0.1.0 | 2.00 | 29.00 | 31.00 | NOTE | |
r-oldrel-windows-x86_64 | 0.1.0 | 8.00 | 58.00 | 66.00 | NOTE |
Version: 0.1.0
Check: LazyData
Result: NOTE
'LazyData' is specified without a 'data' directory
Flavors: r-oldrel-macos-arm64, r-oldrel-macos-x86_64, r-oldrel-windows-x86_64