Last updated on 2025-10-22 09:50:57 CEST.
Flavor | Version | Tinstall | Tcheck | Ttotal | Status | Flags |
---|---|---|---|---|---|---|
r-devel-linux-x86_64-debian-clang | 1.5.0 | 5.25 | 116.49 | 121.74 | NOTE | |
r-devel-linux-x86_64-debian-gcc | 1.5.0 | 3.73 | 80.96 | 84.69 | NOTE | |
r-devel-linux-x86_64-fedora-clang | 1.5.0 | 25.00 | 174.65 | 199.65 | OK | |
r-devel-linux-x86_64-fedora-gcc | 1.5.0 | 11.00 | 192.57 | 203.57 | OK | |
r-devel-windows-x86_64 | 1.5.0 | 7.00 | 142.00 | 149.00 | OK | |
r-patched-linux-x86_64 | 1.5.0 | 5.71 | 107.52 | 113.23 | OK | |
r-release-linux-x86_64 | 1.5.0 | 4.27 | 108.82 | 113.09 | OK | |
r-release-macos-arm64 | 1.5.0 | 2.00 | 73.00 | 75.00 | OK | |
r-release-macos-x86_64 | 1.5.0 | 4.00 | 135.00 | 139.00 | OK | |
r-release-windows-x86_64 | 1.5.0 | 9.00 | 150.00 | 159.00 | OK | |
r-oldrel-macos-arm64 | 1.5.0 | 2.00 | 67.00 | 69.00 | OK | |
r-oldrel-macos-x86_64 | 1.5.0 | 4.00 | 124.00 | 128.00 | OK | |
r-oldrel-windows-x86_64 | 1.5.0 | 10.00 | 183.00 | 193.00 | OK |
Version: 1.5.0
Check: HTML version of manual
Result: NOTE
Found the following HTML validation problems:
plot_wrangler.html:54:1 (plot_wrangler.Rd:14): Warning: missing </ul> before </div>
ppqq_wrangler.html:58:1 (ppqq_wrangler.Rd:16): Warning: missing </ul> before </div>
simulate_default.html:50:1 (simulate_default.Rd:12): Warning: missing </ul> before </div>
to_univariateML.html:50:1 (to_univariateML.Rd:12): Warning: missing </ul> before </div>
Flavors: r-devel-linux-x86_64-debian-clang, r-devel-linux-x86_64-debian-gcc