CRAN Package Check Results for Package transmem

Last updated on 2025-11-11 11:53:36 CET.

Flavor Version Tinstall Tcheck Ttotal Status Flags
r-devel-linux-x86_64-debian-clang 0.1.1 9.65 93.56 103.21 NOTE
r-devel-linux-x86_64-debian-gcc 0.1.1 8.46 70.95 79.41 NOTE
r-devel-linux-x86_64-fedora-clang 0.1.1 23.00 133.48 156.48 OK
r-devel-linux-x86_64-fedora-gcc 0.1.1 26.00 124.84 150.84 OK
r-devel-windows-x86_64 0.1.1 11.00 88.00 99.00 OK
r-patched-linux-x86_64 0.1.1 8.62 80.19 88.81 OK
r-release-linux-x86_64 0.1.1 8.10 79.63 87.73 OK
r-release-macos-arm64 0.1.1 4.00 36.00 40.00 OK
r-release-macos-x86_64 0.1.1 6.00 59.00 65.00 OK
r-release-windows-x86_64 0.1.1 10.00 88.00 98.00 OK
r-oldrel-macos-arm64 0.1.1 4.00 37.00 41.00 OK
r-oldrel-macos-x86_64 0.1.1 6.00 46.00 52.00 OK
r-oldrel-windows-x86_64 0.1.1 13.00 113.00 126.00 OK

Check Details

Version: 0.1.1
Check: CRAN incoming feasibility
Result: NOTE Maintainer: ‘Cristhian Paredes <craparedesca@unal.edu.co>’ No Authors@R field in DESCRIPTION. Please add one, modifying Authors@R: c(person(given = "Cristhian", family = "Paredes", role = c("aut", "cre"), email = "craparedesca@unal.edu.co"), person(given = c("Eduardo", "Rodríguez", "de", "San"), family = "Miguel", role = "aut")) as necessary. Flavors: r-devel-linux-x86_64-debian-clang, r-devel-linux-x86_64-debian-gcc