Last updated on 2025-11-11 11:53:36 CET.
| Flavor | Version | Tinstall | Tcheck | Ttotal | Status | Flags |
|---|---|---|---|---|---|---|
| r-devel-linux-x86_64-debian-clang | 1.6.1 | 11.53 | 252.34 | 263.87 | OK | |
| r-devel-linux-x86_64-debian-gcc | 1.6.1 | 8.20 | 169.56 | 177.76 | OK | |
| r-devel-linux-x86_64-fedora-clang | 1.6.1 | 74.00 | 342.64 | 416.64 | OK | |
| r-devel-linux-x86_64-fedora-gcc | 1.6.1 | 27.00 | 387.47 | 414.47 | OK | |
| r-devel-windows-x86_64 | 1.6.1 | 15.00 | 264.00 | 279.00 | OK | |
| r-patched-linux-x86_64 | 1.6.1 | 14.37 | 239.27 | 253.64 | OK | |
| r-release-linux-x86_64 | 1.6.1 | 13.04 | 239.23 | 252.27 | OK | |
| r-release-macos-arm64 | 1.6.1 | 6.00 | 120.00 | 126.00 | OK | |
| r-release-macos-x86_64 | 1.6.1 | 11.00 | 192.00 | 203.00 | OK | |
| r-release-windows-x86_64 | 1.6.1 | 16.00 | 266.00 | 282.00 | OK | |
| r-oldrel-macos-arm64 | 1.6.1 | 6.00 | 129.00 | 135.00 | NOTE | |
| r-oldrel-macos-x86_64 | 1.6.1 | 15.00 | 192.00 | 207.00 | NOTE | |
| r-oldrel-windows-x86_64 | 1.6.1 | 23.00 | 348.00 | 371.00 | NOTE |
Version: 1.6.1
Check: installed package size
Result: NOTE
installed size is 6.1Mb
sub-directories of 1Mb or more:
data 2.4Mb
doc 2.6Mb
Flavors: r-oldrel-macos-arm64, r-oldrel-macos-x86_64, r-oldrel-windows-x86_64