Last updated on 2025-11-11 11:53:36 CET.
| Flavor | Version | Tinstall | Tcheck | Ttotal | Status | Flags |
|---|---|---|---|---|---|---|
| r-devel-linux-x86_64-debian-clang | 1.3.0 | 244.98 | 566.21 | 811.19 | OK | |
| r-devel-linux-x86_64-debian-gcc | 1.3.0 | 195.79 | 454.30 | 650.09 | OK | |
| r-devel-linux-x86_64-fedora-clang | 1.3.0 | 454.00 | 787.30 | 1241.30 | OK | |
| r-devel-linux-x86_64-fedora-gcc | 1.3.0 | 720.00 | 767.16 | 1487.16 | OK | |
| r-devel-windows-x86_64 | 1.3.0 | 226.00 | 592.00 | 818.00 | OK | |
| r-patched-linux-x86_64 | 1.3.0 | 274.87 | 600.77 | 875.64 | OK | |
| r-release-linux-x86_64 | 1.3.0 | 271.83 | 597.45 | 869.28 | OK | |
| r-release-macos-arm64 | 1.3.0 | 98.00 | 144.00 | 242.00 | OK | |
| r-release-macos-x86_64 | 1.3.0 | 183.00 | 297.00 | 480.00 | OK | |
| r-release-windows-x86_64 | 1.3.0 | 222.00 | 592.00 | 814.00 | OK | |
| r-oldrel-macos-arm64 | 1.3.0 | 99.00 | 151.00 | 250.00 | NOTE | |
| r-oldrel-macos-x86_64 | 1.3.0 | 219.00 | 311.00 | 530.00 | NOTE | |
| r-oldrel-windows-x86_64 | 1.3.0 | 303.00 | 746.00 | 1049.00 | NOTE |
Version: 1.3.0
Check: installed package size
Result: NOTE
installed size is 106.7Mb
sub-directories of 1Mb or more:
data 2.8Mb
help 1.1Mb
libs 101.8Mb
Flavors: r-oldrel-macos-arm64, r-oldrel-macos-x86_64, r-oldrel-windows-x86_64