Last updated on 2025-11-11 10:50:17 CET.
| Flavor | Version | Tinstall | Tcheck | Ttotal | Status | Flags |
|---|---|---|---|---|---|---|
| r-devel-linux-x86_64-debian-clang | 0.4.2 | 7.70 | 164.44 | 172.14 | OK | |
| r-devel-linux-x86_64-debian-gcc | 0.4.2 | 5.02 | 111.41 | 116.43 | OK | |
| r-devel-linux-x86_64-fedora-clang | 0.4.2 | 31.00 | 239.50 | 270.50 | OK | |
| r-devel-linux-x86_64-fedora-gcc | 0.4.2 | 21.00 | 243.12 | 264.12 | OK | |
| r-devel-windows-x86_64 | 0.4.2 | 10.00 | 165.00 | 175.00 | OK | |
| r-patched-linux-x86_64 | 0.4.2 | 8.21 | 152.04 | 160.25 | OK | |
| r-release-linux-x86_64 | 0.4.2 | 7.05 | 152.60 | 159.65 | OK | |
| r-release-macos-arm64 | 0.4.2 | 4.00 | 74.00 | 78.00 | OK | |
| r-release-macos-x86_64 | 0.4.2 | 11.00 | 201.00 | 212.00 | OK | |
| r-release-windows-x86_64 | 0.4.2 | 9.00 | 168.00 | 177.00 | OK | |
| r-oldrel-macos-arm64 | 0.4.2 | 3.00 | 77.00 | 80.00 | OK | |
| r-oldrel-macos-x86_64 | 0.4.2 | 6.00 | 148.00 | 154.00 | OK | |
| r-oldrel-windows-x86_64 | 0.4.2 | 1.00 | 9.00 | 10.00 | ERROR |
Version: 0.4.2
Check: package dependencies
Result: ERROR
Package required but not available: 'MBESS'
See section 'The DESCRIPTION file' in the 'Writing R Extensions'
manual.
Flavor: r-oldrel-windows-x86_64