Last updated on 2025-11-11 10:50:17 CET.
| Flavor | Version | Tinstall | Tcheck | Ttotal | Status | Flags |
|---|---|---|---|---|---|---|
| r-devel-linux-x86_64-debian-clang | 1.1.2 | 6.16 | 72.31 | 78.47 | NOTE | |
| r-devel-linux-x86_64-debian-gcc | 1.1.2 | 4.28 | 54.91 | 59.19 | NOTE | |
| r-devel-linux-x86_64-fedora-clang | 1.1.2 | 27.00 | 103.99 | 130.99 | NOTE | |
| r-devel-linux-x86_64-fedora-gcc | 1.1.2 | 13.00 | 116.97 | 129.97 | NOTE | |
| r-devel-windows-x86_64 | 1.1.2 | 7.00 | 96.00 | 103.00 | NOTE | |
| r-patched-linux-x86_64 | 1.1.2 | 5.41 | 68.88 | 74.29 | NOTE | |
| r-release-linux-x86_64 | 1.1.2 | 4.01 | 68.00 | 72.01 | NOTE | |
| r-release-macos-arm64 | 1.1.2 | 3.00 | 54.00 | 57.00 | NOTE | |
| r-release-macos-x86_64 | 1.1.2 | 5.00 | 78.00 | 83.00 | NOTE | |
| r-release-windows-x86_64 | 1.1.2 | 9.00 | 89.00 | 98.00 | NOTE | |
| r-oldrel-macos-arm64 | 1.1.2 | 3.00 | 53.00 | 56.00 | OK | |
| r-oldrel-macos-x86_64 | 1.1.2 | 5.00 | 78.00 | 83.00 | OK | |
| r-oldrel-windows-x86_64 | 1.1.2 | 10.00 | 106.00 | 116.00 | OK |
Version: 1.1.2
Check: DESCRIPTION meta-information
Result: NOTE
Missing dependency on R >= 4.1.0 because package code uses the pipe
|> or function shorthand \(...) syntax added in R 4.1.0.
File(s) using such syntax:
‘import_instruments.R’ ‘make_choose_all_table.R’
Flavors: r-devel-linux-x86_64-debian-clang, r-devel-linux-x86_64-debian-gcc, r-devel-linux-x86_64-fedora-clang, r-devel-linux-x86_64-fedora-gcc, r-devel-windows-x86_64, r-patched-linux-x86_64, r-release-linux-x86_64, r-release-macos-arm64, r-release-macos-x86_64, r-release-windows-x86_64