Last updated on 2025-10-22 09:50:54 CEST.
Flavor | Version | Tinstall | Tcheck | Ttotal | Status | Flags |
---|---|---|---|---|---|---|
r-devel-linux-x86_64-debian-clang | 0.82.0 | 2.64 | 34.32 | 36.96 | NOTE | |
r-devel-linux-x86_64-debian-gcc | 0.82.0 | 2.06 | 27.18 | 29.24 | NOTE | |
r-devel-linux-x86_64-fedora-clang | 0.82.0 | 15.00 | 42.82 | 57.82 | OK | |
r-devel-linux-x86_64-fedora-gcc | 0.82.0 | 65.60 | OK | |||
r-devel-windows-x86_64 | 0.82.0 | 5.00 | 56.00 | 61.00 | OK | |
r-patched-linux-x86_64 | 0.82.0 | 3.24 | 31.50 | 34.74 | OK | |
r-release-linux-x86_64 | 0.82.0 | 2.78 | 31.12 | 33.90 | OK | |
r-release-macos-arm64 | 0.82.0 | 1.00 | 24.00 | 25.00 | OK | |
r-release-macos-x86_64 | 0.82.0 | 2.00 | 42.00 | 44.00 | OK | |
r-release-windows-x86_64 | 0.82.0 | 5.00 | 58.00 | 63.00 | OK | |
r-oldrel-macos-arm64 | 0.82.0 | 1.00 | 24.00 | 25.00 | OK | |
r-oldrel-macos-x86_64 | 0.82.0 | 2.00 | 35.00 | 37.00 | OK | |
r-oldrel-windows-x86_64 | 0.82.0 | 5.00 | 65.00 | 70.00 | OK |
Version: 0.82.0
Check: HTML version of manual
Result: NOTE
Found the following HTML validation problems:
print.tableList.html:51:1 (print.tableList.Rd:12): Warning: missing </ul> before </div>
print.tableMatrix.html:51:1 (print.tableMatrix.Rd:12): Warning: missing </ul> before </div>
Flavors: r-devel-linux-x86_64-debian-clang, r-devel-linux-x86_64-debian-gcc