Last updated on 2025-11-11 10:50:16 CET.
| Flavor | Version | Tinstall | Tcheck | Ttotal | Status | Flags |
|---|---|---|---|---|---|---|
| r-devel-linux-x86_64-debian-clang | 1.3.4 | 49.05 | 381.44 | 430.49 | NOTE | |
| r-devel-linux-x86_64-debian-gcc | 1.3.4 | 33.55 | 254.37 | 287.92 | NOTE | |
| r-devel-linux-x86_64-fedora-clang | 1.3.4 | 372.00 | 351.33 | 723.33 | OK | |
| r-devel-linux-x86_64-fedora-gcc | 1.3.4 | 105.00 | 529.94 | 634.94 | OK | |
| r-devel-windows-x86_64 | 1.3.4 | 44.00 | 289.00 | 333.00 | OK | |
| r-patched-linux-x86_64 | 1.3.4 | 44.05 | 354.43 | 398.48 | OK | |
| r-release-linux-x86_64 | 1.3.4 | 45.46 | 351.90 | 397.36 | OK | |
| r-release-macos-arm64 | 1.3.4 | 20.00 | 140.00 | 160.00 | OK | |
| r-release-macos-x86_64 | 1.3.4 | 69.00 | 287.00 | 356.00 | OK | |
| r-release-windows-x86_64 | 1.3.4 | 43.00 | 288.00 | 331.00 | OK | |
| r-oldrel-macos-arm64 | 1.3.4 | 20.00 | 134.00 | 154.00 | OK | |
| r-oldrel-macos-x86_64 | 1.3.4 | 46.00 | 405.00 | 451.00 | OK | |
| r-oldrel-windows-x86_64 | 1.3.4 | 62.00 | 404.00 | 466.00 | OK |
Version: 1.3.4
Check: CRAN incoming feasibility
Result: NOTE
Maintainer: ‘Monsuru Adepeju <monsuur2010@yahoo.com>’
No Authors@R field in DESCRIPTION.
Please add one, modifying
Authors@R: person(given = "Monsuru",
family = "Adepeju",
role = c("cre", "aut"),
email = "monsuur2010@yahoo.com")
as necessary.
The BugReports field in DESCRIPTION has
https://github.com/Manalytics/stppSim/issues/new/choose
which should likely be
https://github.com/Manalytics/stppSim/issues/new/choose/issues
instead.
Flavors: r-devel-linux-x86_64-debian-clang, r-devel-linux-x86_64-debian-gcc