Last updated on 2025-10-21 09:48:47 CEST.
| Flavor | Version | Tinstall | Tcheck | Ttotal | Status | Flags | 
|---|---|---|---|---|---|---|
| r-devel-linux-x86_64-debian-clang | 0.3.1 | 3.44 | 226.13 | 229.57 | NOTE | |
| r-devel-linux-x86_64-debian-gcc | 0.3.1 | 2.35 | 134.32 | 136.67 | NOTE | |
| r-devel-linux-x86_64-fedora-clang | 0.3.1 | 376.56 | NOTE | |||
| r-devel-linux-x86_64-fedora-gcc | 0.3.1 | 367.49 | NOTE | |||
| r-devel-windows-x86_64 | 0.3.1 | 5.00 | 200.00 | 205.00 | NOTE | |
| r-patched-linux-x86_64 | 0.3.1 | 3.83 | 220.03 | 223.86 | NOTE | |
| r-release-linux-x86_64 | 0.3.1 | 3.21 | 221.16 | 224.37 | NOTE | |
| r-release-macos-arm64 | 0.3.1 | 95.00 | NOTE | |||
| r-release-macos-x86_64 | 0.3.1 | 231.00 | NOTE | |||
| r-release-windows-x86_64 | 0.3.1 | 6.00 | 200.00 | 206.00 | NOTE | |
| r-oldrel-macos-arm64 | 0.3.1 | 93.00 | OK | |||
| r-oldrel-macos-x86_64 | 0.3.1 | 179.00 | OK | |||
| r-oldrel-windows-x86_64 | 0.3.1 | 6.00 | 286.00 | 292.00 | OK | 
Version: 0.3.1
Check: DESCRIPTION meta-information
Result: NOTE
    Missing dependency on R >= 4.1.0 because package code uses the pipe
    |> or function shorthand \(...) syntax added in R 4.1.0.
    File(s) using such syntax:
      ‘bootstrap-projection.R’ ‘bootstrap_CIs.Rd’ ‘bundle_sim.R’
      ‘calc_coverage.R’ ‘calc_rejection.R’ ‘extrapolate_coverage.Rd’
      ‘utilities.R’
Flavors: r-devel-linux-x86_64-debian-clang, r-devel-linux-x86_64-debian-gcc, r-devel-linux-x86_64-fedora-clang, r-devel-linux-x86_64-fedora-gcc, r-devel-windows-x86_64, r-patched-linux-x86_64, r-release-linux-x86_64, r-release-macos-arm64, r-release-windows-x86_64
Version: 0.3.1
Check: DESCRIPTION meta-information
Result: NOTE
    Missing dependency on R >= 4.1.0 because package code uses the pipe
    |> or function shorthand \(...) syntax added in R 4.1.0.
    File(s) using such syntax:
      ‘bootstrap-projection.R’ ‘bundle_sim.R’ ‘calc_coverage.R’
      ‘calc_rejection.R’ ‘utilities.R’
Flavor: r-release-macos-x86_64