Last updated on 2025-10-22 09:50:52 CEST.
Flavor | Version | Tinstall | Tcheck | Ttotal | Status | Flags |
---|---|---|---|---|---|---|
r-devel-linux-x86_64-debian-clang | 1.0.0.1 | 6.40 | 38.18 | 44.58 | NOTE | |
r-devel-linux-x86_64-debian-gcc | 1.0.0.1 | 4.63 | 29.39 | 34.02 | NOTE | |
r-devel-linux-x86_64-fedora-clang | 1.0.0.1 | 14.00 | 51.94 | 65.94 | NOTE | |
r-devel-linux-x86_64-fedora-gcc | 1.0.0.1 | 16.00 | 47.53 | 63.53 | NOTE | |
r-devel-windows-x86_64 | 1.0.0.1 | 8.00 | 53.00 | 61.00 | OK | |
r-patched-linux-x86_64 | 1.0.0.1 | 6.45 | 35.30 | 41.75 | OK | |
r-release-linux-x86_64 | 1.0.0.1 | 5.81 | 35.38 | 41.19 | OK | |
r-release-macos-arm64 | 1.0.0.1 | 3.00 | 20.00 | 23.00 | OK | |
r-release-macos-x86_64 | 1.0.0.1 | 4.00 | 33.00 | 37.00 | OK | |
r-release-windows-x86_64 | 1.0.0.1 | 10.00 | 55.00 | 65.00 | OK | |
r-oldrel-macos-arm64 | 1.0.0.1 | 2.00 | 19.00 | 21.00 | OK | |
r-oldrel-macos-x86_64 | 1.0.0.1 | 5.00 | 30.00 | 35.00 | OK | |
r-oldrel-windows-x86_64 | 1.0.0.1 | 9.00 | 62.00 | 71.00 | OK |
Version: 1.0.0.1
Check: HTML version of manual
Result: NOTE
Found the following HTML validation problems:
fab_button.html:73:1 (fab_button.Rd:27): Warning: missing </ul> before </div>
module-chpass.html:91:1 (module-chpass.Rd:43): Warning: missing </ul> before </div>
Flavors: r-devel-linux-x86_64-debian-clang, r-devel-linux-x86_64-debian-gcc
Version: 1.0.0.1
Check: dependencies in R code
Result: NOTE
Namespaces in Imports field not imported from:
‘DT’ ‘billboarder’ ‘glue’ ‘scrypt’ ‘yaml’
All declared Imports should be used.
Flavors: r-devel-linux-x86_64-fedora-clang, r-devel-linux-x86_64-fedora-gcc