CRAN Package Check Results for Package shinydashboard

Last updated on 2025-10-22 09:50:52 CEST.

Flavor Version Tinstall Tcheck Ttotal Status Flags
r-devel-linux-x86_64-debian-clang 0.7.3 2.61 35.06 37.67 NOTE
r-devel-linux-x86_64-debian-gcc 0.7.3 2.90 26.48 29.38 NOTE
r-devel-linux-x86_64-fedora-clang 0.7.3 56.34 OK
r-devel-linux-x86_64-fedora-gcc 0.7.3 13.00 41.48 54.48 OK
r-devel-windows-x86_64 0.7.3 6.00 54.00 60.00 OK
r-patched-linux-x86_64 0.7.3 4.35 32.16 36.51 OK
r-release-linux-x86_64 0.7.3 3.51 32.59 36.10 OK
r-release-macos-arm64 0.7.3 2.00 21.00 23.00 OK
r-release-macos-x86_64 0.7.3 4.00 34.00 38.00 OK
r-release-windows-x86_64 0.7.3 7.00 56.00 63.00 OK
r-oldrel-macos-arm64 0.7.3 2.00 23.00 25.00 OK
r-oldrel-macos-x86_64 0.7.3 4.00 50.00 54.00 OK
r-oldrel-windows-x86_64 0.7.3 8.00 62.00 70.00 OK

Check Details

Version: 0.7.3
Check: HTML version of manual
Result: NOTE Found the following HTML validation problems: renderDropdownMenu.html:61:1 (renderDropdownMenu.Rd:21): Warning: missing </ul> before </div> tagAssert.html:61:1 (tagAssert.Rd:19): Warning: missing </ul> before </div> Flavors: r-devel-linux-x86_64-debian-clang, r-devel-linux-x86_64-debian-gcc