CRAN Package Check Results for Package shinyWidgets

Last updated on 2025-10-22 09:50:52 CEST.

Flavor Version Tinstall Tcheck Ttotal Status Flags
r-devel-linux-x86_64-debian-clang 0.9.0 7.90 88.50 96.40 NOTE
r-devel-linux-x86_64-debian-gcc 0.9.0 6.48 62.60 69.08 NOTE
r-devel-linux-x86_64-fedora-clang 0.9.0 19.00 120.10 139.10 NOTE
r-devel-linux-x86_64-fedora-gcc 0.9.0 28.00 109.02 137.02 NOTE
r-devel-windows-x86_64 0.9.0 15.00 138.00 153.00 NOTE
r-patched-linux-x86_64 0.9.0 11.89 81.69 93.58 NOTE
r-release-linux-x86_64 0.9.0 8.46 81.80 90.26 NOTE
r-release-macos-arm64 0.9.0 5.00 48.00 53.00 NOTE
r-release-macos-x86_64 0.9.0 9.00 90.00 99.00 NOTE
r-release-windows-x86_64 0.9.0 16.00 133.00 149.00 NOTE
r-oldrel-macos-arm64 0.9.0 5.00 42.00 47.00 OK
r-oldrel-macos-x86_64 0.9.0 13.00 76.00 89.00 OK
r-oldrel-windows-x86_64 0.9.0 18.00 152.00 170.00 OK

Check Details

Version: 0.9.0
Check: DESCRIPTION meta-information
Result: NOTE Missing dependency on R >= 4.1.0 because package code uses the pipe |> or function shorthand \(...) syntax added in R 4.1.0. File(s) using such syntax: ‘slimSelectInput.Rd’ Flavors: r-devel-linux-x86_64-debian-clang, r-devel-linux-x86_64-debian-gcc, r-devel-linux-x86_64-fedora-clang, r-devel-linux-x86_64-fedora-gcc, r-devel-windows-x86_64, r-patched-linux-x86_64, r-release-linux-x86_64, r-release-macos-arm64, r-release-macos-x86_64, r-release-windows-x86_64

Version: 0.9.0
Check: HTML version of manual
Result: NOTE Found the following HTML validation problems: closeSweetAlert.html:47:1 (closeSweetAlert.Rd:11): Warning: missing </ul> before </div> deprecated.html:68:1 (deprecated.Rd:36): Warning: missing </ul> before </div> tooltipOptions.html:54:1 (tooltipOptions.Rd:14): Warning: missing </ul> before </div> Flavors: r-devel-linux-x86_64-debian-clang, r-devel-linux-x86_64-debian-gcc