CRAN Package Check Results for Package shapefiles

Last updated on 2025-10-22 09:50:52 CEST.

Flavor Version Tinstall Tcheck Ttotal Status Flags
r-devel-linux-x86_64-debian-clang 0.7.2 2.59 22.48 25.07 NOTE
r-devel-linux-x86_64-debian-gcc 0.7.2 1.86 18.15 20.01 NOTE
r-devel-linux-x86_64-fedora-clang 0.7.2 36.67 OK
r-devel-linux-x86_64-fedora-gcc 0.7.2 35.48 OK
r-devel-windows-x86_64 0.7.2 4.00 40.00 44.00 OK
r-patched-linux-x86_64 0.7.2 2.30 21.14 23.44 OK
r-release-linux-x86_64 0.7.2 2.41 21.16 23.57 OK
r-release-macos-arm64 0.7.2 1.00 16.00 17.00 OK
r-release-macos-x86_64 0.7.2 2.00 32.00 34.00 OK
r-release-windows-x86_64 0.7.2 3.00 42.00 45.00 OK
r-oldrel-macos-arm64 0.7.2 1.00 20.00 21.00 OK
r-oldrel-macos-x86_64 0.7.2 2.00 22.00 24.00 OK
r-oldrel-windows-x86_64 0.7.2 5.00 41.00 46.00 OK

Check Details

Version: 0.7.2
Check: CRAN incoming feasibility
Result: NOTE Maintainer: ‘Ben Stabler <benstabler@yahoo.com>’ No Authors@R field in DESCRIPTION. Please add one, modifying Authors@R: person(given = "Ben", family = "Stabler", role = c("aut", "cre"), email = "benstabler@yahoo.com") as necessary. Flavors: r-devel-linux-x86_64-debian-clang, r-devel-linux-x86_64-debian-gcc